CRAN Package Check Results for Package PhylogeneticEM

Last updated on 2021-10-17 22:48:43 CEST.

Flavor Version Tinstall Tcheck Ttotal Status Flags
r-devel-linux-x86_64-debian-clang 1.5.0 55.79 202.04 257.83 OK
r-devel-linux-x86_64-debian-gcc 1.5.0 43.20 150.20 193.40 OK
r-devel-linux-x86_64-fedora-clang 1.5.0 344.14 OK
r-devel-linux-x86_64-fedora-gcc 1.5.0 314.83 OK
r-devel-windows-x86_64 1.5.0 73.00 447.00 520.00 OK
r-devel-windows-x86_64-gcc10-UCRT 1.5.0 OK
r-patched-linux-x86_64 1.5.0 54.26 195.75 250.01 OK
r-patched-solaris-x86 1.5.0 344.50 OK
r-release-linux-x86_64 1.5.0 48.18 193.55 241.73 OK
r-release-macos-arm64 1.5.0 NOTE
r-release-macos-x86_64 1.5.0 NOTE
r-release-windows-ix86+x86_64 1.5.0 95.00 524.00 619.00 OK
r-oldrel-macos-x86_64 1.5.0 NOTE
r-oldrel-windows-ix86+x86_64 1.5.0 131.00 542.00 673.00 OK

Check Details

Version: 1.5.0
Check: installed package size
Result: NOTE
     installed size is 5.7Mb
     sub-directories of 1Mb or more:
     libs 4.1Mb
Flavors: r-release-macos-arm64, r-release-macos-x86_64, r-oldrel-macos-x86_64