CRAN Package Check Results for Package PivotalR

Last updated on 2019-10-16 22:56:05 CEST.

Flavor Version Tinstall Tcheck Ttotal Status Flags
r-devel-linux-x86_64-debian-clang 0.1.18.3.1 29.06 126.09 155.15 OK
r-devel-linux-x86_64-debian-gcc 0.1.18.3.1 25.37 98.34 123.71 OK
r-devel-linux-x86_64-fedora-clang 0.1.18.3.1 190.40 NOTE
r-devel-linux-x86_64-fedora-gcc 0.1.18.3.1 187.34 NOTE
r-devel-windows-ix86+x86_64 0.1.18.3.1 66.00 180.00 246.00 OK
r-patched-linux-x86_64 0.1.18.3.1 29.08 122.80 151.88 OK
r-patched-solaris-x86 0.1.18.3.1 245.20 OK
r-release-linux-x86_64 0.1.18.3.1 30.67 124.37 155.04 OK
r-release-windows-ix86+x86_64 0.1.18.3.1 45.00 179.00 224.00 OK
r-release-osx-x86_64 0.1.18.3.1 OK
r-oldrel-windows-ix86+x86_64 0.1.18.3.1 34.00 164.00 198.00 OK
r-oldrel-osx-x86_64 0.1.18.3.1 OK

Check Details

Version: 0.1.18.3.1
Check: compiled code
Result: NOTE
    File ‘PivotalR/libs/PivotalR.so’:
     Found no calls to: ‘R_registerRoutines’, ‘R_useDynamicSymbols’
    
    It is good practice to register native routines and to disable symbol
    search.
    
    See ‘Writing portable packages’ in the ‘Writing R Extensions’ manual.
Flavors: r-devel-linux-x86_64-fedora-clang, r-devel-linux-x86_64-fedora-gcc