CRAN Package Check Results for Package PlackettLuce

Last updated on 2019-10-16 22:56:05 CEST.

Flavor Version Tinstall Tcheck Ttotal Status Flags
r-devel-linux-x86_64-debian-clang 0.2-9 11.10 187.46 198.56 OK
r-devel-linux-x86_64-debian-gcc 0.2-9 9.78 137.77 147.55 OK
r-devel-linux-x86_64-fedora-clang 0.2-9 239.46 OK
r-devel-linux-x86_64-fedora-gcc 0.2-9 220.56 OK
r-devel-windows-ix86+x86_64 0.2-9 26.00 255.00 281.00 OK
r-patched-linux-x86_64 0.2-9 11.18 181.21 192.39 OK
r-patched-solaris-x86 0.2-9 308.00 OK
r-release-linux-x86_64 0.2-9 9.62 180.24 189.86 OK
r-release-windows-ix86+x86_64 0.2-9 17.00 180.00 197.00 OK
r-release-osx-x86_64 0.2-9 NOTE
r-oldrel-windows-ix86+x86_64 0.2-9 11.00 183.00 194.00 NOTE
r-oldrel-osx-x86_64 0.2-9 NOTE

Check Details

Version: 0.2-9
Check: package dependencies
Result: NOTE
    Package suggested but not available for checking: ‘BiocStyle’
Flavors: r-release-osx-x86_64, r-oldrel-osx-x86_64

Version: 0.2-9
Check: R code for possible problems
Result: NOTE
    aggregate.rankings: no visible global function definition for 'asplit'
    Undefined global functions or variables:
     asplit
Flavors: r-oldrel-windows-ix86+x86_64, r-oldrel-osx-x86_64