CRAN Package Check Results for Package PlackettLuce

Last updated on 2019-07-15 22:55:14 CEST.

Flavor Version Tinstall Tcheck Ttotal Status Flags
r-devel-linux-x86_64-debian-clang 0.2-6 9.65 182.08 191.73 OK
r-devel-linux-x86_64-debian-gcc 0.2-6 7.57 137.36 144.93 OK
r-devel-linux-x86_64-fedora-clang 0.2-6 223.27 OK
r-devel-linux-x86_64-fedora-gcc 0.2-6 226.06 OK
r-devel-windows-ix86+x86_64 0.2-6 27.00 261.00 288.00 OK
r-patched-linux-x86_64 0.2-6 11.09 180.72 191.81 OK
r-patched-solaris-x86 0.2-6 324.10 OK
r-release-linux-x86_64 0.2-6 9.93 177.09 187.02 OK
r-release-windows-ix86+x86_64 0.2-6 19.00 255.00 274.00 OK
r-release-osx-x86_64 0.2-6 NOTE
r-oldrel-windows-ix86+x86_64 0.2-6 17.00 242.00 259.00 OK
r-oldrel-osx-x86_64 0.2-6 NOTE

Check Details

Version: 0.2-6
Check: package dependencies
Result: NOTE
    Package suggested but not available for checking: ‘BiocStyle’
Flavors: r-release-osx-x86_64, r-oldrel-osx-x86_64