CRAN Package Check Results for Package PlaneGeometry

Last updated on 2021-05-05 22:51:44 CEST.

Flavor Version Tinstall Tcheck Ttotal Status Flags
r-devel-linux-x86_64-debian-clang 1.2.0 23.99 92.80 116.79 NOTE
r-devel-linux-x86_64-debian-gcc 1.2.0 17.81 67.40 85.21 NOTE
r-devel-linux-x86_64-fedora-clang 1.2.0 143.67 NOTE
r-devel-linux-x86_64-fedora-gcc 1.2.0 136.85 NOTE
r-devel-windows-ix86+x86_64 1.2.0 26.00 112.00 138.00 NOTE
r-devel-windows-x86_64-gcc10-UCRT 1.2.0 NOTE
r-patched-linux-x86_64 1.2.0 20.40 89.52 109.92 NOTE
r-patched-solaris-x86 1.2.0 166.00 OK
r-release-linux-x86_64 1.2.0 19.65 87.09 106.74 OK
r-release-macos-x86_64 1.2.0 OK
r-release-windows-ix86+x86_64 1.2.0 23.00 84.00 107.00 OK
r-oldrel-macos-x86_64 1.2.0 OK
r-oldrel-windows-ix86+x86_64 1.2.0 30.00 105.00 135.00 OK

Check Details

Version: 1.2.0
Check: LazyData
Result: NOTE
     'LazyData' is specified without a 'data' directory
Flavors: r-devel-linux-x86_64-debian-clang, r-devel-linux-x86_64-debian-gcc, r-devel-linux-x86_64-fedora-clang, r-devel-linux-x86_64-fedora-gcc, r-devel-windows-ix86+x86_64, r-devel-windows-x86_64-gcc10-UCRT, r-patched-linux-x86_64