Last updated on 2024-03-28 23:01:53 CET.
Flavor | Version | Tinstall | Tcheck | Ttotal | Status | Flags |
---|---|---|---|---|---|---|
r-devel-linux-x86_64-debian-clang | 1.6.0 | 35.60 | 361.29 | 396.89 | OK | |
r-devel-linux-x86_64-debian-gcc | 1.6.0 | 30.05 | 251.73 | 281.78 | OK | |
r-devel-linux-x86_64-fedora-clang | 1.6.0 | 468.48 | NOTE | |||
r-devel-linux-x86_64-fedora-gcc | 1.6.0 | 484.88 | OK | |||
r-devel-windows-x86_64 | 1.6.0 | 29.00 | 243.00 | 272.00 | NOTE | |
r-patched-linux-x86_64 | 1.6.0 | 30.73 | 336.85 | 367.58 | OK | |
r-release-linux-x86_64 | 1.6.0 | 23.92 | 341.71 | 365.63 | OK | |
r-release-macos-arm64 | 1.6.0 | 123.00 | NOTE | |||
r-release-macos-x86_64 | 1.6.0 | 245.00 | NOTE | |||
r-release-windows-x86_64 | 1.6.0 | 40.00 | 319.00 | 359.00 | NOTE | |
r-oldrel-macos-arm64 | 1.6.0 | 117.00 | NOTE | |||
r-oldrel-windows-x86_64 | 1.6.0 | 41.00 | 309.00 | 350.00 | NOTE |
Version: 1.6.0
Check: installed package size
Result: NOTE
installed size is 7.0Mb
sub-directories of 1Mb or more:
doc 5.9Mb
Flavors: r-devel-linux-x86_64-fedora-clang, r-devel-windows-x86_64, r-release-macos-arm64, r-release-macos-x86_64, r-release-windows-x86_64, r-oldrel-macos-arm64, r-oldrel-windows-x86_64