Last updated on 2024-04-22 23:10:00 CEST.
Flavor | Version | Tinstall | Tcheck | Ttotal | Status | Flags |
---|---|---|---|---|---|---|
r-devel-linux-x86_64-debian-clang | 0.1.0 | 1.40 | 21.91 | 23.31 | NOTE | |
r-devel-linux-x86_64-debian-gcc | 0.1.0 | 1.68 | 17.67 | 19.35 | NOTE | |
r-devel-linux-x86_64-fedora-clang | 0.1.0 | 31.50 | NOTE | |||
r-devel-linux-x86_64-fedora-gcc | 0.1.0 | 29.83 | NOTE | |||
r-prerel-macos-arm64 | 0.1.0 | 22.00 | NOTE | |||
r-prerel-windows-x86_64 | 0.1.0 | 3.00 | 39.00 | 42.00 | NOTE | |
r-patched-linux-x86_64 | 0.1.0 | 1.35 | 22.26 | 23.61 | NOTE | |
r-release-linux-x86_64 | 0.1.0 | 2.14 | 20.25 | 22.39 | NOTE | |
r-release-macos-arm64 | 0.1.0 | 16.00 | NOTE | |||
r-release-macos-x86_64 | 0.1.0 | 18.00 | NOTE | |||
r-release-windows-x86_64 | 0.1.0 | 3.00 | 36.00 | 39.00 | NOTE | |
r-oldrel-macos-arm64 | 0.1.0 | 17.00 | NOTE | |||
r-oldrel-windows-x86_64 | 0.1.0 | 3.00 | 41.00 | 44.00 | NOTE |
Version: 0.1.0
Check: LazyData
Result: NOTE
'LazyData' is specified without a 'data' directory
Flavors: r-devel-linux-x86_64-debian-clang, r-devel-linux-x86_64-debian-gcc, r-devel-linux-x86_64-fedora-clang, r-devel-linux-x86_64-fedora-gcc, r-prerel-macos-arm64, r-prerel-windows-x86_64, r-patched-linux-x86_64, r-release-linux-x86_64, r-release-macos-arm64, r-release-macos-x86_64, r-release-windows-x86_64, r-oldrel-macos-arm64, r-oldrel-windows-x86_64