CRAN Package Check Results for Package PoA

Last updated on 2021-07-31 22:53:43 CEST.

Flavor Version Tinstall Tcheck Ttotal Status Flags
r-devel-linux-x86_64-debian-clang 1.2.1 3.74 41.54 45.28 NOTE
r-devel-linux-x86_64-debian-gcc 1.2.1 3.16 31.58 34.74 NOTE
r-devel-linux-x86_64-fedora-clang 1.2.1 63.55 NOTE
r-devel-linux-x86_64-fedora-gcc 1.2.1 50.84 NOTE
r-devel-windows-x86_64 1.2.1 6.00 58.00 64.00 NOTE
r-devel-windows-x86_64-gcc10-UCRT 1.2.1 NOTE
r-patched-linux-x86_64 1.2.1 NOTE
r-patched-solaris-x86 1.2.1 75.90 NOTE
r-release-linux-x86_64 1.2.1 3.86 38.03 41.89 NOTE
r-release-macos-arm64 1.2.1 NOTE
r-release-macos-x86_64 1.2.1 NOTE
r-release-windows-ix86+x86_64 1.2.1 11.00 39.00 50.00 NOTE
r-oldrel-macos-x86_64 1.2.1 OK
r-oldrel-windows-ix86+x86_64 1.2.1 8.00 59.00 67.00 OK

Check Details

Version: 1.2.1
Check: LazyData
Result: NOTE
     'LazyData' is specified without a 'data' directory
Flavors: r-devel-linux-x86_64-debian-clang, r-devel-linux-x86_64-debian-gcc, r-devel-linux-x86_64-fedora-clang, r-devel-linux-x86_64-fedora-gcc, r-devel-windows-x86_64, r-devel-windows-x86_64-gcc10-UCRT, r-patched-linux-x86_64, r-patched-solaris-x86, r-release-linux-x86_64, r-release-macos-arm64, r-release-macos-x86_64, r-release-windows-ix86+x86_64