Last updated on 2023-09-28 23:08:54 CEST.
Flavor | Version | Tinstall | Tcheck | Ttotal | Status | Flags |
---|---|---|---|---|---|---|
r-devel-linux-x86_64-debian-clang | 0.2.0 | 5.43 | 140.29 | 145.72 | OK | |
r-devel-linux-x86_64-debian-gcc | 0.2.0 | 4.38 | 96.08 | 100.46 | OK | |
r-devel-linux-x86_64-fedora-clang | 0.2.0 | 176.58 | NOTE | |||
r-devel-linux-x86_64-fedora-gcc | 0.2.0 | 193.18 | NOTE | |||
r-devel-windows-x86_64 | 0.2.0 | 7.00 | 113.00 | 120.00 | OK | |
r-patched-linux-x86_64 | 0.2.0 | 4.44 | 132.98 | 137.42 | OK | |
r-release-linux-x86_64 | 0.2.0 | 5.34 | 132.78 | 138.12 | OK | |
r-release-macos-arm64 | 0.2.0 | 61.00 | OK | |||
r-release-macos-x86_64 | 0.2.0 | 81.00 | OK | |||
r-release-windows-x86_64 | 0.2.0 | 9.00 | 131.00 | 140.00 | OK | |
r-oldrel-macos-arm64 | 0.2.0 | 50.00 | NOTE | |||
r-oldrel-macos-x86_64 | 0.2.0 | 81.00 | NOTE | |||
r-oldrel-windows-x86_64 | 0.2.0 | 9.00 | 135.00 | 144.00 | OK |
Version: 0.2.0
Check: dependencies in R code
Result: NOTE
Namespaces in Imports field not imported from:
‘car’ ‘lubridate’
All declared Imports should be used.
Flavors: r-devel-linux-x86_64-fedora-clang, r-devel-linux-x86_64-fedora-gcc, r-oldrel-macos-arm64, r-oldrel-macos-x86_64