Last updated on 2023-09-28 23:08:54 CEST.
Flavor | Version | Tinstall | Tcheck | Ttotal | Status | Flags |
---|---|---|---|---|---|---|
r-devel-linux-x86_64-debian-clang | 0.1.3 | 270.67 | 245.64 | 516.31 | NOTE | |
r-devel-linux-x86_64-debian-gcc | 0.1.3 | 221.74 | 186.60 | 408.34 | NOTE | |
r-devel-linux-x86_64-fedora-clang | 0.1.3 | 647.43 | NOTE | |||
r-devel-linux-x86_64-fedora-gcc | 0.1.3 | 603.51 | NOTE | |||
r-devel-windows-x86_64 | 0.1.3 | 218.00 | 222.00 | 440.00 | NOTE | |
r-patched-linux-x86_64 | 0.1.3 | 235.49 | 235.42 | 470.91 | NOTE | |
r-release-linux-x86_64 | 0.1.3 | 239.92 | 242.68 | 482.60 | NOTE | |
r-release-macos-arm64 | 0.1.3 | 135.00 | NOTE | |||
r-release-macos-x86_64 | 0.1.3 | 225.00 | NOTE | |||
r-release-windows-x86_64 | 0.1.3 | 270.00 | 267.00 | 537.00 | NOTE | |
r-oldrel-macos-arm64 | 0.1.3 | 138.00 | NOTE | |||
r-oldrel-macos-x86_64 | 0.1.3 | 175.00 | NOTE | |||
r-oldrel-windows-x86_64 | 0.1.3 | 256.00 | 258.00 | 514.00 | NOTE |
Version: 0.1.3
Check: for GNU extensions in Makefiles
Result: NOTE
GNU make is a SystemRequirements.
Flavors: r-devel-linux-x86_64-debian-clang, r-devel-linux-x86_64-debian-gcc, r-devel-linux-x86_64-fedora-clang, r-devel-linux-x86_64-fedora-gcc, r-devel-windows-x86_64, r-patched-linux-x86_64, r-release-linux-x86_64, r-release-macos-arm64, r-release-macos-x86_64, r-release-windows-x86_64, r-oldrel-macos-arm64, r-oldrel-macos-x86_64, r-oldrel-windows-x86_64
Version: 0.1.3
Check: dependencies in R code
Result: NOTE
Namespace in Imports field not imported from: ‘rstantools’
All declared Imports should be used.
Flavors: r-devel-linux-x86_64-fedora-clang, r-devel-linux-x86_64-fedora-gcc, r-oldrel-macos-arm64, r-oldrel-macos-x86_64
Version: 0.1.3
Check: installed package size
Result: NOTE
installed size is 43.2Mb
sub-directories of 1Mb or more:
libs 42.9Mb
Flavors: r-release-macos-arm64, r-release-macos-x86_64, r-oldrel-macos-arm64, r-oldrel-macos-x86_64