CRAN Package Check Results for Package PopGenReport

Last updated on 2021-12-08 22:57:45 CET.

Flavor Version Tinstall Tcheck Ttotal Status Flags
r-devel-linux-x86_64-debian-clang 3.0.4 37.36 372.34 409.70 OK
r-devel-linux-x86_64-debian-gcc 3.0.4 31.76 276.04 307.80 OK
r-devel-linux-x86_64-fedora-clang 3.0.4 495.72 NOTE
r-devel-linux-x86_64-fedora-gcc 3.0.4 488.16 OK
r-devel-windows-x86_64-new-UL 3.0.4 63.00 425.00 488.00 OK
r-devel-windows-x86_64-new-TK 3.0.4 OK
r-devel-windows-x86_64-old 3.0.4 58.00 399.00 457.00 OK
r-patched-linux-x86_64 3.0.4 41.80 357.50 399.30 OK
r-release-linux-x86_64 3.0.4 34.22 358.35 392.57 OK
r-release-macos-arm64 3.0.4 OK
r-release-macos-x86_64 3.0.4 OK
r-release-windows-ix86+x86_64 3.0.4 68.00 385.00 453.00 OK
r-oldrel-macos-x86_64 3.0.4 OK
r-oldrel-windows-ix86+x86_64 3.0.4 94.00 402.00 496.00 OK

Check Details

Version: 3.0.4
Check: package dependencies
Result: NOTE
    Imports includes 21 non-default packages.
    Importing from so many packages makes the package vulnerable to any of
    them becoming unavailable. Move as many as possible to Suggests and
    use conditionally.
Flavor: r-devel-linux-x86_64-fedora-clang

Version: 3.0.4
Check: Rd cross-references
Result: NOTE
    Undeclared package ‘ecodist’ in Rd xrefs
Flavor: r-devel-linux-x86_64-fedora-clang