CRAN Package Check Results for Package PosteriorBootstrap

Last updated on 2021-05-16 22:50:01 CEST.

Flavor Version Tinstall Tcheck Ttotal Status Flags
r-devel-linux-x86_64-debian-clang 0.1.0 4.47 461.39 465.86 NOTE
r-devel-linux-x86_64-debian-gcc 0.1.1 3.60 326.13 329.73 OK
r-devel-linux-x86_64-fedora-clang 0.1.1 564.91 NOTE
r-devel-linux-x86_64-fedora-gcc 0.1.1 402.97 NOTE
r-devel-windows-ix86+x86_64 0.1.0 10.00 51.00 61.00 NOTE
r-devel-windows-x86_64-gcc10-UCRT 0.1.1 NOTE
r-patched-linux-x86_64 0.1.0 4.87 451.25 456.12 NOTE
r-patched-solaris-x86 0.1.1 949.30 NOTE
r-release-linux-x86_64 0.1.1 4.86 447.78 452.64 OK
r-release-macos-x86_64 0.1.1 NOTE
r-release-windows-ix86+x86_64 0.1.1 10.00 38.00 48.00 OK
r-oldrel-macos-x86_64 0.1.1 NOTE
r-oldrel-windows-ix86+x86_64 0.1.0 6.00 59.00 65.00 OK

Check Details

Version: 0.1.0
Check: LazyData
Result: NOTE
     'LazyData' is specified without a 'data' directory
Flavors: r-devel-linux-x86_64-debian-clang, r-devel-windows-ix86+x86_64, r-patched-linux-x86_64

Version: 0.1.1
Check: dependencies in R code
Result: NOTE
    Namespaces in Imports field not imported from:
     ‘Rcpp’ ‘StanHeaders’ ‘dplyr’ ‘ggplot2’ ‘gridExtra’ ‘rstan’ ‘tibble’
     All declared Imports should be used.
Flavors: r-devel-linux-x86_64-fedora-clang, r-devel-linux-x86_64-fedora-gcc, r-devel-windows-x86_64-gcc10-UCRT, r-patched-solaris-x86, r-release-macos-x86_64, r-oldrel-macos-x86_64