CRAN Package Check Results for Package PowerTOST

Last updated on 2020-02-21 22:51:17 CET.

Flavor Version Tinstall Tcheck Ttotal Status Flags
r-devel-linux-x86_64-debian-clang 1.4-9 13.75 780.19 793.94 WARN
r-devel-linux-x86_64-debian-gcc 1.4-9 12.63 626.26 638.89 OK
r-devel-linux-x86_64-fedora-clang 1.4-9 1060.71 OK
r-devel-linux-x86_64-fedora-gcc 1.4-9 982.28 OK
r-devel-windows-ix86+x86_64 1.4-9 23.00 130.00 153.00 OK --no-vignettes
r-devel-windows-ix86+x86_64-gcc8 1.4-9 36.00 91.00 127.00 OK --no-vignettes
r-patched-linux-x86_64 1.4-9 WARN
r-patched-solaris-x86 1.4-9 1730.80 OK
r-release-linux-x86_64 1.4-9 12.70 758.59 771.29 WARN
r-release-windows-ix86+x86_64 1.4-9 18.00 112.00 130.00 OK --no-vignettes
r-release-osx-x86_64 1.4-9 OK
r-oldrel-windows-ix86+x86_64 1.4-9 17.00 104.00 121.00 OK --no-vignettes
r-oldrel-osx-x86_64 1.4-9 OK

Check Details

Version: 1.4-9
Check: re-building of vignette outputs
Result: WARN
    Error(s) in re-building vignettes:
     ...
    --- re-building 'ABE.Rmd' using rmarkdown
    --- finished re-building 'ABE.Rmd'
    
    --- re-building 'DP.Rmd' using rmarkdown
    --- finished re-building 'DP.Rmd'
    
    --- re-building 'NI.Rmd' using rmarkdown
    --- finished re-building 'NI.Rmd'
    
    --- re-building 'PA.Rmd' using rmarkdown
    --- finished re-building 'PA.Rmd'
    
    --- re-building 'RSABE.Rmd' using rmarkdown
    Killed
    --- re-building 'vignette.Rmd' using rmarkdown
    --- finished re-building 'vignette.Rmd'
    
    SUMMARY: processing the following file failed:
     'RSABE.Rmd'
    
    Error: Vignette re-building failed.
    Execution halted
Flavors: r-devel-linux-x86_64-debian-clang, r-patched-linux-x86_64, r-release-linux-x86_64