Last updated on 2024-03-27 22:57:55 CET.
Flavor | Version | Tinstall | Tcheck | Ttotal | Status | Flags |
---|---|---|---|---|---|---|
r-devel-linux-x86_64-debian-clang | 1.1.0 | 11.59 | 77.65 | 89.24 | NOTE | |
r-devel-linux-x86_64-debian-gcc | 1.1.0 | 10.67 | 56.49 | 67.16 | NOTE | |
r-devel-linux-x86_64-fedora-clang | 1.1.0 | 109.59 | NOTE | |||
r-devel-linux-x86_64-fedora-gcc | 1.1.0 | 119.54 | NOTE | |||
r-devel-windows-x86_64 | 1.1.0 | 12.00 | 73.00 | 85.00 | NOTE | |
r-patched-linux-x86_64 | 1.1.0 | 11.80 | 72.78 | 84.58 | NOTE | |
r-release-linux-x86_64 | 1.1.0 | 10.99 | 73.17 | 84.16 | NOTE | |
r-release-macos-arm64 | 1.1.0 | 37.00 | NOTE | |||
r-release-macos-x86_64 | 1.1.0 | 59.00 | NOTE | |||
r-release-windows-x86_64 | 1.1.0 | 9.00 | 83.00 | 92.00 | NOTE | |
r-oldrel-macos-arm64 | 1.1.0 | 29.00 | OK | |||
r-oldrel-windows-x86_64 | 1.1.0 | 16.00 | 84.00 | 100.00 | OK |
Version: 1.1.0
Check: Rd files
Result: NOTE
checkRd: (-1) bira2.Rd:91: Escaped LaTeX specials: \&
checkRd: (-1) bira2.Rd:144: Escaped LaTeX specials: \&
checkRd: (-1) bira2.Rd:146: Escaped LaTeX specials: \&
checkRd: (-1) bira2.Rd:148: Escaped LaTeX specials: \&
checkRd: (-1) bira2.Rd:150: Escaped LaTeX specials: \&
checkRd: (-1) cra2.Rd:126: Escaped LaTeX specials: \&
checkRd: (-1) cra2.Rd:219: Escaped LaTeX specials: \&
checkRd: (-1) cra2.Rd:221: Escaped LaTeX specials: \&
checkRd: (-1) cra2.Rd:223: Escaped LaTeX specials: \&
checkRd: (-1) cra2.Rd:225: Escaped LaTeX specials: \&
checkRd: (-1) cra2.Rd:227: Escaped LaTeX specials: \&
checkRd: (-1) cra2.Rd:229: Escaped LaTeX specials: \&
checkRd: (-1) cra2.Rd:231: Escaped LaTeX specials: \&
checkRd: (-1) cra2.Rd:233: Escaped LaTeX specials: \&
checkRd: (-1) cra2.Rd:235: Escaped LaTeX specials: \&
checkRd: (-1) cra2.Rd:237: Escaped LaTeX specials: \&
checkRd: (-1) cra3.Rd:301: Escaped LaTeX specials: \&
checkRd: (-1) cra3.Rd:303: Escaped LaTeX specials: \&
checkRd: (-1) cra3.Rd:305: Escaped LaTeX specials: \&
checkRd: (-1) cra3.Rd:307: Escaped LaTeX specials: \&
checkRd: (-1) cra3.Rd:309: Escaped LaTeX specials: \&
checkRd: (-1) med_pn.Rd:129: Escaped LaTeX specials: \&
Flavors: r-devel-linux-x86_64-debian-clang, r-devel-linux-x86_64-debian-gcc, r-devel-linux-x86_64-fedora-clang, r-devel-linux-x86_64-fedora-gcc, r-devel-windows-x86_64, r-patched-linux-x86_64, r-release-linux-x86_64, r-release-macos-arm64, r-release-macos-x86_64, r-release-windows-x86_64