CRAN Package Check Results for Package PreciseSums

Last updated on 2021-08-03 22:53:36 CEST.

Flavor Version Tinstall Tcheck Ttotal Status Flags
r-devel-linux-x86_64-debian-clang 0.4 3.18 21.47 24.65 NOTE
r-devel-linux-x86_64-debian-gcc 0.4 2.06 17.21 19.27 NOTE
r-devel-linux-x86_64-fedora-clang 0.4 39.75 NOTE
r-devel-linux-x86_64-fedora-gcc 0.4 28.46 NOTE
r-devel-windows-x86_64 0.4 8.00 42.00 50.00 NOTE
r-devel-windows-x86_64-gcc10-UCRT 0.4 NOTE
r-patched-linux-x86_64 0.4 2.53 21.17 23.70 NOTE
r-patched-solaris-x86 0.4 44.50 NOTE
r-release-linux-x86_64 0.4 2.24 21.17 23.41 NOTE
r-release-macos-arm64 0.4 NOTE
r-release-macos-x86_64 0.4 NOTE
r-release-windows-ix86+x86_64 0.4 10.00 33.00 43.00 NOTE
r-oldrel-macos-x86_64 0.4 OK
r-oldrel-windows-ix86+x86_64 0.4 7.00 46.00 53.00 OK

Check Details

Version: 0.4
Check: LazyData
Result: NOTE
     'LazyData' is specified without a 'data' directory
Flavors: r-devel-linux-x86_64-debian-clang, r-devel-linux-x86_64-debian-gcc, r-devel-linux-x86_64-fedora-clang, r-devel-linux-x86_64-fedora-gcc, r-devel-windows-x86_64, r-devel-windows-x86_64-gcc10-UCRT, r-patched-linux-x86_64, r-patched-solaris-x86, r-release-linux-x86_64, r-release-macos-arm64, r-release-macos-x86_64, r-release-windows-ix86+x86_64