CRAN Package Check Results for Package PrevMap

Last updated on 2021-05-16 22:50:01 CEST.

Flavor Version Tinstall Tcheck Ttotal Status Flags
r-devel-linux-x86_64-debian-clang 1.5.3 31.44 227.05 258.49 NOTE
r-devel-linux-x86_64-debian-gcc 1.5.3 27.44 168.64 196.08 NOTE
r-devel-linux-x86_64-fedora-clang 1.5.3 336.61 OK
r-devel-linux-x86_64-fedora-gcc 1.5.3 311.58 OK
r-devel-windows-ix86+x86_64 1.5.3 63.00 244.00 307.00 OK
r-devel-windows-x86_64-gcc10-UCRT 1.5.3 NOTE
r-patched-linux-x86_64 1.5.3 35.57 218.76 254.33 NOTE
r-patched-solaris-x86 1.5.3 395.90 NOTE
r-release-linux-x86_64 1.5.3 28.89 205.77 234.66 NOTE
r-release-macos-x86_64 1.5.3 NOTE
r-release-windows-ix86+x86_64 1.5.3 45.00 179.00 224.00 OK
r-oldrel-macos-x86_64 1.5.3 NOTE
r-oldrel-windows-ix86+x86_64 1.5.3 38.00 238.00 276.00 OK

Check Details

Version: 1.5.3
Check: package dependencies
Result: NOTE
    Package suggested but not available for checking: 'INLA'
Flavors: r-devel-linux-x86_64-debian-clang, r-devel-linux-x86_64-debian-gcc, r-devel-windows-x86_64-gcc10-UCRT, r-patched-linux-x86_64, r-patched-solaris-x86, r-release-linux-x86_64, r-release-macos-x86_64, r-oldrel-macos-x86_64

Version: 1.5.3
Check: dependencies in R code
Result: NOTE
    No protocol specified
    No protocol specified
Flavor: r-oldrel-macos-x86_64