Last updated on 2023-09-20 21:52:58 CEST.
Flavor | Version | Tinstall | Tcheck | Ttotal | Status | Flags |
---|---|---|---|---|---|---|
r-devel-linux-x86_64-debian-clang | 1.14.1 | 72.72 | 118.75 | 191.47 | NOTE | |
r-devel-linux-x86_64-debian-gcc | 1.14.1 | 50.76 | 85.97 | 136.73 | NOTE | |
r-devel-linux-x86_64-fedora-clang | 1.14.1 | 269.20 | NOTE | |||
r-devel-linux-x86_64-fedora-gcc | 1.14.1 | 274.85 | NOTE | |||
r-devel-windows-x86_64 | 1.14.1 | 57.00 | 135.00 | 192.00 | NOTE | |
r-patched-linux-x86_64 | 1.14.1 | 71.01 | 110.06 | 181.07 | NOTE | |
r-release-linux-x86_64 | 1.14.1 | 64.94 | 112.77 | 177.71 | NOTE | |
r-release-macos-arm64 | 1.14.1 | 82.00 | NOTE | |||
r-release-macos-x86_64 | 1.14.1 | 119.00 | NOTE | |||
r-release-windows-x86_64 | 1.14.1 | 72.00 | 159.00 | 231.00 | NOTE | |
r-oldrel-macos-arm64 | 1.14.1 | 60.00 | NOTE | |||
r-oldrel-macos-x86_64 | 1.14.1 | 85.00 | NOTE | |||
r-oldrel-windows-x86_64 | 1.14.1 | 72.00 | 158.00 | 230.00 | NOTE |
Version: 1.14.1
Check: package dependencies
Result: NOTE
Package suggested but not available for checking: ‘ProFit’
Flavors: r-devel-linux-x86_64-debian-clang, r-devel-linux-x86_64-debian-gcc, r-devel-linux-x86_64-fedora-clang, r-devel-linux-x86_64-fedora-gcc, r-devel-windows-x86_64, r-patched-linux-x86_64, r-release-linux-x86_64, r-release-macos-arm64, r-release-windows-x86_64, r-oldrel-windows-x86_64
Version: 1.14.1
Check: C++ specification
Result: NOTE
Specified C++11: please drop specification unless essential
Flavors: r-devel-linux-x86_64-debian-clang, r-devel-linux-x86_64-debian-gcc, r-devel-linux-x86_64-fedora-clang, r-devel-linux-x86_64-fedora-gcc, r-devel-windows-x86_64, r-patched-linux-x86_64, r-release-linux-x86_64, r-release-macos-arm64, r-release-macos-x86_64, r-release-windows-x86_64
Version: 1.14.1
Check: installed package size
Result: NOTE
installed size is 5.1Mb
sub-directories of 1Mb or more:
data 1.7Mb
extdata 1.2Mb
libs 1.2Mb
Flavors: r-devel-windows-x86_64, r-release-macos-arm64, r-release-macos-x86_64, r-release-windows-x86_64, r-oldrel-macos-arm64, r-oldrel-macos-x86_64, r-oldrel-windows-x86_64
Version: 1.14.1
Check: package dependencies
Result: NOTE
Packages suggested but not available for checking:
'ProFit', 'EBImage', 'Rfast'
Flavor: r-release-macos-x86_64
Version: 1.14.1
Check: package dependencies
Result: NOTE
Package suggested but not available for checking: ‘EBImage’
Flavor: r-oldrel-macos-arm64