CRAN Package Check Results for Package ProbitSpatial

Last updated on 2019-07-19 22:49:00 CEST.

Flavor Version Tinstall Tcheck Ttotal Status Flags
r-devel-linux-x86_64-debian-clang 1.0 74.88 58.98 133.86 OK
r-devel-linux-x86_64-debian-gcc 1.0 71.36 48.88 120.24 OK
r-devel-linux-x86_64-fedora-clang 1.0 181.84 NOTE
r-devel-linux-x86_64-fedora-gcc 1.0 199.11 NOTE
r-devel-windows-ix86+x86_64 1.0 130.00 106.00 236.00 OK
r-patched-linux-x86_64 1.0 76.20 59.85 136.05 OK
r-patched-solaris-x86 1.0 185.70 OK
r-release-linux-x86_64 1.0 76.71 60.07 136.78 OK
r-release-windows-ix86+x86_64 1.0 98.00 95.00 193.00 OK
r-release-osx-x86_64 1.0 NOTE
r-oldrel-windows-ix86+x86_64 1.0 102.00 124.00 226.00 OK
r-oldrel-osx-x86_64 1.0 NOTE

Check Details

Version: 1.0
Check: installed package size
Result: NOTE
     installed size is 19.2Mb
     sub-directories of 1Mb or more:
     libs 19.0Mb
Flavors: r-devel-linux-x86_64-fedora-clang, r-release-osx-x86_64, r-oldrel-osx-x86_64

Version: 1.0
Check: compiled code
Result: NOTE
    File ‘ProbitSpatial/libs/ProbitSpatial.so’:
     Found no calls to: ‘R_registerRoutines’, ‘R_useDynamicSymbols’
    
    It is good practice to register native routines and to disable symbol
    search.
    
    See ‘Writing portable packages’ in the ‘Writing R Extensions’ manual.
Flavors: r-devel-linux-x86_64-fedora-clang, r-devel-linux-x86_64-fedora-gcc