CRAN Package Check Results for Package ProbitSpatial

Last updated on 2019-11-18 22:47:20 CET.

Flavor Version Tinstall Tcheck Ttotal Status Flags
r-devel-linux-x86_64-debian-clang 1.0 79.41 64.51 143.92 OK
r-devel-linux-x86_64-debian-gcc 1.0 81.98 50.70 132.68 OK
r-devel-linux-x86_64-fedora-clang 1.0 204.38 NOTE
r-devel-linux-x86_64-fedora-gcc 1.0 209.26 NOTE
r-devel-windows-ix86+x86_64 1.0 138.00 103.00 241.00 OK
r-patched-linux-x86_64 1.0 79.62 59.31 138.93 OK
r-patched-solaris-x86 1.0 189.80 OK
r-release-linux-x86_64 1.0 73.25 58.18 131.43 OK
r-release-windows-ix86+x86_64 1.0 108.00 133.00 241.00 OK
r-release-osx-x86_64 1.0 NOTE
r-oldrel-windows-ix86+x86_64 1.0 103.00 128.00 231.00 OK
r-oldrel-osx-x86_64 1.0 NOTE

Check Details

Version: 1.0
Check: installed package size
Result: NOTE
     installed size is 20.4Mb
     sub-directories of 1Mb or more:
     libs 20.1Mb
Flavors: r-devel-linux-x86_64-fedora-clang, r-release-osx-x86_64, r-oldrel-osx-x86_64

Version: 1.0
Check: compiled code
Result: NOTE
    File ‘ProbitSpatial/libs/ProbitSpatial.so’:
     Found no calls to: ‘R_registerRoutines’, ‘R_useDynamicSymbols’
    
    It is good practice to register native routines and to disable symbol
    search.
    
    See ‘Writing portable packages’ in the ‘Writing R Extensions’ manual.
Flavors: r-devel-linux-x86_64-fedora-clang, r-devel-linux-x86_64-fedora-gcc