Last updated on 2024-04-22 23:10:00 CEST.
Flavor | Version | Tinstall | Tcheck | Ttotal | Status | Flags |
---|---|---|---|---|---|---|
r-devel-linux-x86_64-debian-clang | 0.3.2 | 45.22 | 98.38 | 143.60 | NOTE | |
r-devel-linux-x86_64-debian-gcc | 0.3.2 | 34.61 | 71.03 | 105.64 | NOTE | |
r-devel-linux-x86_64-fedora-clang | 0.3.2 | 181.81 | NOTE | |||
r-devel-linux-x86_64-fedora-gcc | 0.3.2 | 181.78 | NOTE | |||
r-prerel-macos-arm64 | 0.3.2 | 48.00 | NOTE | |||
r-prerel-windows-x86_64 | 0.3.2 | 38.00 | 101.00 | 139.00 | NOTE | |
r-patched-linux-x86_64 | 0.3.2 | 44.15 | 92.66 | 136.81 | NOTE | |
r-release-linux-x86_64 | 0.3.2 | 43.38 | 93.11 | 136.49 | OK | |
r-release-macos-arm64 | 0.3.2 | 53.00 | OK | |||
r-release-macos-x86_64 | 0.3.2 | 89.00 | OK | |||
r-release-windows-x86_64 | 0.3.2 | 47.00 | 130.00 | 177.00 | OK | |
r-oldrel-macos-arm64 | 0.3.2 | 46.00 | OK | |||
r-oldrel-windows-x86_64 | 0.3.2 | 46.00 | 123.00 | 169.00 | OK |
Version: 0.3.2
Check: Rd files
Result: NOTE
checkRd: (-1) proc.Rd:27: Lost braces in \itemize; meant \describe ?
checkRd: (-1) proc.Rd:28: Lost braces in \itemize; meant \describe ?
Flavors: r-devel-linux-x86_64-debian-clang, r-devel-linux-x86_64-debian-gcc, r-devel-linux-x86_64-fedora-clang, r-devel-linux-x86_64-fedora-gcc, r-prerel-macos-arm64, r-prerel-windows-x86_64, r-patched-linux-x86_64