Last updated on 2024-04-18 22:52:54 CEST.
Flavor | Version | Tinstall | Tcheck | Ttotal | Status | Flags |
---|---|---|---|---|---|---|
r-devel-linux-x86_64-debian-clang | 2.3.6 | 21.44 | 171.96 | 193.40 | NOTE | |
r-devel-linux-x86_64-debian-gcc | 2.3.6 | 16.13 | 123.84 | 139.97 | NOTE | |
r-devel-linux-x86_64-fedora-clang | 2.3.6 | 233.28 | NOTE | |||
r-devel-linux-x86_64-fedora-gcc | 2.3.6 | 246.57 | NOTE | |||
r-prerel-macos-arm64 | 2.3.6 | 73.00 | NOTE | |||
r-prerel-windows-x86_64 | 2.3.6 | 26.00 | 215.00 | 241.00 | NOTE | |
r-patched-linux-x86_64 | 2.3.6 | 20.18 | 166.87 | 187.05 | NOTE | |
r-release-linux-x86_64 | 2.3.6 | 22.06 | 173.67 | 195.73 | NOTE | |
r-release-macos-arm64 | 2.3.6 | 101.00 | NOTE | |||
r-release-macos-x86_64 | 2.3.6 | 173.00 | NOTE | |||
r-release-windows-x86_64 | 2.3.6 | 30.00 | 243.00 | 273.00 | NOTE | |
r-oldrel-macos-arm64 | 2.3.6 | 86.00 | OK | |||
r-oldrel-windows-x86_64 | 2.3.6 | 29.00 | 245.00 | 274.00 | OK |
Version: 2.3.6
Check: Rd files
Result: NOTE
checkRd: (-1) Ch0C-plot.cpd.PwrGSD.Rd:40: Escaped LaTeX specials: \&
checkRd: (-1) Ch17-CRRtoRR.Rd:15: Lost braces; missing escapes or markup?
15 | \ldots, [t_m, t_{m+1})$ then \code{DT} will be c($t_2-t_1,t_3 -t_2,
| ^
checkRd: (-1) Ch17-CRRtoRR.Rd:16: Lost braces; missing escapes or markup?
16 | \ldots, t_{m+1} - t_m )$
| ^
Flavors: r-devel-linux-x86_64-debian-clang, r-devel-linux-x86_64-debian-gcc, r-devel-linux-x86_64-fedora-clang, r-devel-linux-x86_64-fedora-gcc, r-prerel-macos-arm64, r-prerel-windows-x86_64, r-patched-linux-x86_64
Version: 2.3.6
Check: Rd files
Result: NOTE
checkRd: (-1) Ch0C-plot.cpd.PwrGSD.Rd:40: Escaped LaTeX specials: \&
Flavors: r-release-linux-x86_64, r-release-macos-arm64, r-release-macos-x86_64, r-release-windows-x86_64