Last updated on 2024-03-28 23:01:54 CET.
Flavor | Version | Tinstall | Tcheck | Ttotal | Status | Flags |
---|---|---|---|---|---|---|
r-devel-linux-x86_64-debian-clang | 0.1.0 | 1.88 | 28.37 | 30.25 | NOTE | |
r-devel-linux-x86_64-debian-gcc | 0.1.0 | 1.67 | 22.64 | 24.31 | NOTE | |
r-devel-linux-x86_64-fedora-clang | 0.1.0 | 40.39 | NOTE | |||
r-devel-linux-x86_64-fedora-gcc | 0.1.0 | 51.89 | NOTE | |||
r-devel-windows-x86_64 | 0.1.0 | 4.00 | 45.00 | 49.00 | NOTE | |
r-patched-linux-x86_64 | 0.1.0 | 2.43 | 28.78 | 31.21 | NOTE | |
r-release-linux-x86_64 | 0.1.0 | 2.35 | 26.92 | 29.27 | NOTE | |
r-release-macos-arm64 | 0.1.0 | 35.00 | NOTE | |||
r-release-macos-x86_64 | 0.1.0 | 33.00 | NOTE | |||
r-release-windows-x86_64 | 0.1.0 | 4.00 | 46.00 | 50.00 | NOTE | |
r-oldrel-macos-arm64 | 0.1.0 | 27.00 | NOTE | |||
r-oldrel-windows-x86_64 | 0.1.0 | 4.00 | 49.00 | 53.00 | NOTE |
Version: 0.1.0
Check: LazyData
Result: NOTE
'LazyData' is specified without a 'data' directory
Flavors: r-devel-linux-x86_64-debian-clang, r-devel-linux-x86_64-debian-gcc, r-devel-linux-x86_64-fedora-clang, r-devel-linux-x86_64-fedora-gcc, r-devel-windows-x86_64, r-patched-linux-x86_64, r-release-linux-x86_64, r-release-macos-arm64, r-release-macos-x86_64, r-release-windows-x86_64, r-oldrel-macos-arm64, r-oldrel-windows-x86_64