CRAN Package Check Results for Package Q7

Last updated on 2023-09-25 22:12:47 CEST.

Flavor Version Tinstall Tcheck Ttotal Status Flags
r-devel-linux-x86_64-debian-clang 0.1.0 2.43 27.26 29.69 NOTE
r-devel-linux-x86_64-debian-gcc 0.1.0 1.82 22.02 23.84 NOTE
r-devel-linux-x86_64-fedora-clang 0.1.0 37.35 NOTE
r-devel-linux-x86_64-fedora-gcc 0.1.0 49.65 NOTE
r-devel-windows-x86_64 0.1.0 3.00 45.00 48.00 NOTE
r-patched-linux-x86_64 0.1.0 2.35 26.43 28.78 NOTE
r-release-linux-x86_64 0.1.0 2.24 26.74 28.98 NOTE
r-release-macos-arm64 0.1.0 35.00 NOTE
r-release-macos-x86_64 0.1.0 33.00 NOTE
r-release-windows-x86_64 0.1.0 3.00 46.00 49.00 NOTE
r-oldrel-macos-arm64 0.1.0 27.00 NOTE
r-oldrel-macos-x86_64 0.1.0 23.00 NOTE
r-oldrel-windows-x86_64 0.1.0 5.00 47.00 52.00 NOTE

Check Details

Version: 0.1.0
Check: LazyData
Result: NOTE
     'LazyData' is specified without a 'data' directory
Flavors: r-devel-linux-x86_64-debian-clang, r-devel-linux-x86_64-debian-gcc, r-devel-linux-x86_64-fedora-clang, r-devel-linux-x86_64-fedora-gcc, r-devel-windows-x86_64, r-patched-linux-x86_64, r-release-linux-x86_64, r-release-macos-arm64, r-release-macos-x86_64, r-release-windows-x86_64, r-oldrel-macos-arm64, r-oldrel-macos-x86_64, r-oldrel-windows-x86_64