CRAN Package Check Results for Package Q7

Last updated on 2024-05-20 21:54:27 CEST.

Flavor Version Tinstall Tcheck Ttotal Status Flags
r-devel-linux-x86_64-debian-clang 0.1.0 2.36 30.09 32.45 NOTE
r-devel-linux-x86_64-debian-gcc 0.1.0 1.75 23.05 24.80 NOTE
r-devel-linux-x86_64-fedora-clang 0.1.0 41.92 NOTE
r-devel-linux-x86_64-fedora-gcc 0.1.0 51.50 NOTE
r-devel-windows-x86_64 0.1.0 3.00 46.00 49.00 NOTE
r-patched-linux-x86_64 0.1.0 2.33 28.12 30.45 NOTE
r-release-linux-x86_64 0.1.0 1.76 29.16 30.92 NOTE
r-release-macos-arm64 0.1.0 25.00 NOTE
r-release-windows-x86_64 0.1.0 4.00 48.00 52.00 NOTE
r-oldrel-macos-arm64 0.1.0 35.00 NOTE
r-oldrel-macos-x86_64 0.1.0 33.00 NOTE
r-oldrel-windows-x86_64 0.1.0 3.00 48.00 51.00 NOTE

Check Details

Version: 0.1.0
Check: LazyData
Result: NOTE 'LazyData' is specified without a 'data' directory Flavors: r-devel-linux-x86_64-debian-clang, r-devel-linux-x86_64-debian-gcc, r-devel-linux-x86_64-fedora-clang, r-devel-linux-x86_64-fedora-gcc, r-devel-windows-x86_64, r-patched-linux-x86_64, r-release-linux-x86_64, r-release-macos-arm64, r-release-windows-x86_64, r-oldrel-macos-arm64, r-oldrel-macos-x86_64, r-oldrel-windows-x86_64