CRAN Package Check Results for Package QPot

Last updated on 2019-09-21 22:49:06 CEST.

Flavor Version Tinstall Tcheck Ttotal Status Flags
r-devel-linux-x86_64-debian-clang 1.5 5.14 38.82 43.96 WARN
r-devel-linux-x86_64-debian-gcc 1.5 3.58 32.14 35.72 WARN
r-devel-linux-x86_64-fedora-clang 1.5 55.25 WARN
r-devel-linux-x86_64-fedora-gcc 1.5 55.53 WARN
r-devel-windows-ix86+x86_64 1.5 19.00 511.00 530.00 OK
r-patched-linux-x86_64 1.5 4.11 40.29 44.40 WARN
r-patched-solaris-x86 1.5 91.10 WARN
r-release-linux-x86_64 1.5 4.28 40.54 44.82 WARN
r-release-windows-ix86+x86_64 1.5 14.00 507.00 521.00 OK
r-release-osx-x86_64 1.5 FAIL
r-oldrel-windows-ix86+x86_64 1.5 14.00 528.00 542.00 OK
r-oldrel-osx-x86_64 1.5 OK

Additional issues

clang-UBSAN gcc-UBSAN

Check Details

Version: 1.5
Check: package dependencies
Result: NOTE
    Package suggested but not available for checking: 'phaseR'
Flavors: r-devel-linux-x86_64-debian-clang, r-devel-linux-x86_64-debian-gcc, r-devel-linux-x86_64-fedora-clang, r-devel-linux-x86_64-fedora-gcc, r-patched-linux-x86_64, r-patched-solaris-x86, r-release-linux-x86_64

Version: 1.5
Check: re-building of vignette outputs
Result: WARN
    Error(s) in re-building vignettes:
     ...
    --- re-building 'QPot_Rarticle.pdf.asis' using asis
    --- finished re-building 'QPot_Rarticle.pdf.asis'
    
    --- re-building 'QPot_Example1.md.rsp' using rsp
    Loading required package: QPot
    Loading required package: R.devices
    R.devices v2.16.0 (2018-07-21) successfully loaded. See ?R.devices for help.
    Loading required package: R.rsp
    R.rsp v0.43.1 (2019-02-06) successfully loaded. See ?R.rsp for help.
    
    Attaching package: 'R.rsp'
    
    The following object is masked from 'package:base':
    
     write
    
    Note: This function is supplied to help convert equations to strings. Long equations, equations spanning multiple lines, equations with strange notation, etc, may not work. Always check the output.
    Note: This function is supplied to help convert equations to strings. Long equations, equations spanning multiple lines, equations with strange notation, etc, may not work. Always check the output.
    Loading required package: phaseR
    Warning in library(package, lib.loc = lib.loc, character.only = TRUE, logical.return = TRUE, :
     there is no package called 'phaseR'
    Error: processing vignette 'QPot_Example1.md.rsp' failed with diagnostics:
    could not find function "flowField"
    --- failed re-building 'QPot_Example1.md.rsp'
    
    --- re-building 'QPot_Example2.md.rsp' using rsp
    Loading required package: QPot
    Loading required package: R.devices
    R.devices v2.16.0 (2018-07-21) successfully loaded. See ?R.devices for help.
    Loading required package: R.rsp
    R.rsp v0.43.1 (2019-02-06) successfully loaded. See ?R.rsp for help.
    
    Attaching package: 'R.rsp'
    
    The following object is masked from 'package:base':
    
     write
    
    Loading required package: viridis
    Loading required package: viridisLite
    Loading required package: phaseR
    Warning in library(package, lib.loc = lib.loc, character.only = TRUE, logical.return = TRUE, :
     there is no package called 'phaseR'
    Error: processing vignette 'QPot_Example2.md.rsp' failed with diagnostics:
    could not find function "flowField"
    --- failed re-building 'QPot_Example2.md.rsp'
    
    SUMMARY: processing the following files failed:
     'QPot_Example1.md.rsp' 'QPot_Example2.md.rsp'
    
    Error: Vignette re-building failed.
    Execution halted
Flavors: r-devel-linux-x86_64-debian-clang, r-devel-linux-x86_64-debian-gcc, r-patched-linux-x86_64, r-patched-solaris-x86, r-release-linux-x86_64

Version: 1.5
Check: compiled code
Result: NOTE
    File ‘QPot/libs/QPot.so’:
     Found no calls to: ‘R_registerRoutines’, ‘R_useDynamicSymbols’
    File ‘QPot/libs/upwindorderedv4.so’:
     Found no calls to: ‘R_registerRoutines’, ‘R_useDynamicSymbols’
    
    It is good practice to register native routines and to disable symbol
    search.
    
    See ‘Writing portable packages’ in the ‘Writing R Extensions’ manual.
Flavors: r-devel-linux-x86_64-fedora-clang, r-devel-linux-x86_64-fedora-gcc

Version: 1.5
Check: re-building of vignette outputs
Result: WARN
    Error(s) in re-building vignettes:
    --- re-building ‘QPot_Rarticle.pdf.asis’ using asis
    --- finished re-building ‘QPot_Rarticle.pdf.asis’
    
    --- re-building ‘QPot_Example1.md.rsp’ using rsp
    Loading required package: QPot
    Loading required package: R.devices
    R.devices v2.16.0 (2018-07-21) successfully loaded. See ?R.devices for help.
    Loading required package: R.rsp
    R.rsp v0.43.1 (2019-02-06) successfully loaded. See ?R.rsp for help.
    
    Attaching package: ‘R.rsp’
    
    The following object is masked from ‘package:base’:
    
     write
    
    Note: This function is supplied to help convert equations to strings. Long equations, equations spanning multiple lines, equations with strange notation, etc, may not work. Always check the output.
    Note: This function is supplied to help convert equations to strings. Long equations, equations spanning multiple lines, equations with strange notation, etc, may not work. Always check the output.
    Loading required package: phaseR
    Warning in library(package, lib.loc = lib.loc, character.only = TRUE, logical.return = TRUE, :
     there is no package called ‘phaseR’
    Error: processing vignette 'QPot_Example1.md.rsp' failed with diagnostics:
    could not find function "flowField"
    --- failed re-building ‘QPot_Example1.md.rsp’
    
    --- re-building ‘QPot_Example2.md.rsp’ using rsp
    Loading required package: QPot
    Loading required package: R.devices
    R.devices v2.16.0 (2018-07-21) successfully loaded. See ?R.devices for help.
    Loading required package: R.rsp
    R.rsp v0.43.1 (2019-02-06) successfully loaded. See ?R.rsp for help.
    
    Attaching package: ‘R.rsp’
    
    The following object is masked from ‘package:base’:
    
     write
    
    Loading required package: viridis
    Loading required package: viridisLite
    Loading required package: phaseR
    Warning in library(package, lib.loc = lib.loc, character.only = TRUE, logical.return = TRUE, :
     there is no package called ‘phaseR’
    Error: processing vignette 'QPot_Example2.md.rsp' failed with diagnostics:
    could not find function "flowField"
    --- failed re-building ‘QPot_Example2.md.rsp’
    
    SUMMARY: processing the following files failed:
     ‘QPot_Example1.md.rsp’ ‘QPot_Example2.md.rsp’
    
    Error: Vignette re-building failed.
    Execution halted
Flavors: r-devel-linux-x86_64-fedora-clang, r-devel-linux-x86_64-fedora-gcc

Version: 1.5
Check: re-building of vignette outputs
Result: FAIL
    
Flavor: r-release-osx-x86_64