CRAN Package Check Results for Package QZ

Last updated on 2019-11-18 22:47:21 CET.

Flavor Version Tinstall Tcheck Ttotal Status Flags
r-devel-linux-x86_64-debian-clang 0.1-7 11.37 70.79 82.16 OK
r-devel-linux-x86_64-debian-gcc 0.1-7 9.69 56.26 65.95 OK
r-devel-linux-x86_64-fedora-clang 0.1-7 98.49 OK
r-devel-linux-x86_64-fedora-gcc 0.1-7 102.47 OK
r-devel-windows-ix86+x86_64 0.1-7 49.00 144.00 193.00 OK
r-patched-linux-x86_64 0.1-7 9.65 66.52 76.17 OK
r-patched-solaris-x86 0.1-7 133.80 OK
r-release-linux-x86_64 0.1-7 9.89 66.58 76.47 OK
r-release-windows-ix86+x86_64 0.1-7 36.00 137.00 173.00 OK
r-release-osx-x86_64 0.1-7 OK
r-oldrel-windows-ix86+x86_64 0.1-6 68.00 135.00 203.00 OK
r-oldrel-osx-x86_64 0.1-7 ERROR

Additional issues

LTO

Check Details

Version: 0.1-7
Check: whether package can be installed
Result: ERROR
    Installation failed.
Flavor: r-oldrel-osx-x86_64