Last updated on 2024-03-28 23:01:54 CET.
Flavor | Version | Tinstall | Tcheck | Ttotal | Status | Flags |
---|---|---|---|---|---|---|
r-devel-linux-x86_64-debian-clang | 1.1.1 | 41.02 | 359.69 | 400.71 | OK | |
r-devel-linux-x86_64-debian-gcc | 1.1.1 | 32.79 | 257.04 | 289.83 | OK | |
r-devel-linux-x86_64-fedora-clang | 1.1.1 | 564.68 | NOTE | |||
r-devel-linux-x86_64-fedora-gcc | 1.1.1 | 493.04 | OK | |||
r-devel-windows-x86_64 | 1.1.1 | 36.00 | 257.00 | 293.00 | NOTE | |
r-patched-linux-x86_64 | 1.1.1 | 49.74 | 343.38 | 393.12 | OK | |
r-release-linux-x86_64 | 1.1.1 | 36.98 | 348.28 | 385.26 | OK | |
r-release-macos-arm64 | 1.1.1 | 134.00 | NOTE | |||
r-release-macos-x86_64 | 1.1.1 | 194.00 | NOTE | |||
r-release-windows-x86_64 | 1.1.1 | 50.00 | 344.00 | 394.00 | NOTE | |
r-oldrel-macos-arm64 | 1.1.1 | 129.00 | NOTE | |||
r-oldrel-windows-x86_64 | 1.1.1 | 48.00 | 313.00 | 361.00 | NOTE |
Version: 1.1.1
Check: installed package size
Result: NOTE
installed size is 5.3Mb
sub-directories of 1Mb or more:
doc 2.1Mb
shiny_app 1.2Mb
Flavors: r-devel-linux-x86_64-fedora-clang, r-devel-windows-x86_64, r-release-macos-arm64, r-release-macos-x86_64, r-release-windows-x86_64, r-oldrel-macos-arm64, r-oldrel-windows-x86_64