CRAN Package Check Results for Package R.SamBada

Last updated on 2021-08-04 22:55:29 CEST.

Flavor Version Tinstall Tcheck Ttotal Status Flags
r-devel-linux-x86_64-debian-clang 0.1.2 5.71 59.59 65.30 OK
r-devel-linux-x86_64-debian-gcc 0.1.2 4.67 44.38 49.05 OK
r-devel-linux-x86_64-fedora-clang 0.1.2 88.21 OK
r-devel-linux-x86_64-fedora-gcc 0.1.2 76.24 OK
r-devel-windows-x86_64 0.1.2 7.00 85.00 92.00 OK
r-devel-windows-x86_64-gcc10-UCRT 0.1.2 OK
r-patched-linux-x86_64 0.1.2 5.97 56.09 62.06 OK
r-release-linux-x86_64 0.1.2 5.44 56.09 61.53 OK
r-release-macos-arm64 0.1.2 ERROR
r-release-macos-x86_64 0.1.2 OK
r-release-windows-ix86+x86_64 0.1.2 10.00 74.00 84.00 OK
r-oldrel-macos-x86_64 0.1.2 OK
r-oldrel-windows-ix86+x86_64 0.1.2 7.00 82.00 89.00 OK

Check Details

Version: 0.1.2
Check: package dependencies
Result: ERROR
    Packages required but not available: 'SNPRelate', 'gdsfmt'
    
    Package suggested but not available for checking: ‘biomaRt’
    
    See section ‘The DESCRIPTION file’ in the ‘Writing R Extensions’
    manual.
Flavor: r-release-macos-arm64