CRAN Package Check Results for Package R.filesets

Last updated on 2021-12-04 22:59:43 CET.

Flavor Version Tinstall Tcheck Ttotal Status Flags
r-devel-linux-x86_64-debian-clang 2.14.0 8.62 124.00 132.62 OK
r-devel-linux-x86_64-debian-gcc 2.14.0 6.70 94.14 100.84 OK
r-devel-linux-x86_64-fedora-clang 2.14.0 170.61 OK
r-devel-linux-x86_64-fedora-gcc 2.14.0 146.35 OK
r-devel-windows-x86_64-new-UL 2.14.0 29.00 0.00 29.00 FAIL
r-devel-windows-x86_64-new-TK 2.14.0 OK
r-devel-windows-x86_64-old 2.14.0 14.00 208.00 222.00 OK
r-patched-linux-x86_64 2.14.0 8.81 111.26 120.07 OK
r-release-linux-x86_64 2.14.0 8.35 111.08 119.43 OK
r-release-macos-arm64 2.14.0 OK
r-release-macos-x86_64 2.14.0 ERROR
r-release-windows-ix86+x86_64 2.14.0 16.00 191.00 207.00 OK
r-oldrel-macos-x86_64 2.14.0 OK
r-oldrel-windows-ix86+x86_64 2.14.0 15.00 192.00 207.00 OK

Check Details

Version: 2.14.0
Check: tests
Result: FAIL
    Check process probably crashed or hung up for 20 minutes ... killed
    Most likely this happened in the example checks (?),
    if not, ignore the following last lines of example output:
    39 8 1 g
    40 1 2 j
    41 1 1 r
    42 4 3 t
    43 2 7 g
    44 1 6 s
    45 6 10 f
    46 6 2 a
    47 2 4 e
    48 7 24 c
    49 8 1 g
    50 1 2 j
    >
    >
    >
    > ### * <FOOTER>
    > ###
    > cleanEx()
    > options(digits = 7L)
    > base::cat("Time elapsed: ", proc.time() - base::get("ptime", pos = 'CheckExEnv'),"\n")
    Time elapsed: 10.5 0.36 11.81 NA NA
    > grDevices::dev.off()
    null device
     1
    > ###
    > ### Local variables: ***
    > ### mode: outline-minor ***
    > ### outline-regexp: "\\(> \\)?### [*]+" ***
    > ### End: ***
    > quit('no')
    ======== End of example output (where/before crash/hang up occured ?) ========
Flavor: r-devel-windows-x86_64-new-UL

Version: 2.14.0
Check: tests
Result: ERROR
     Running ‘ChecksumFile.R’ [2s/3s]
     Running ‘GenericDataFile.R’ [2s/4s]
    Running the tests in ‘tests/GenericDataFile.R’ failed.
    Last 13 lines of output:
     + stopifnot(!isFile(dfLC))
     + stopifnot(isFile(dfL))
     + stopifnot(isFile(df))
     +
     + # Cleanup
     + file.remove(getPathname(dfL))
     + } # if (.Platform$OS.type == "windows")
     GenericDataFile:
     Name: 1.2(a)
     Tags:
     Full name: 1.2(a)
     Pathname: /Volumes/Temp/tmp/RtmpIGOwCA/1.2(a).txt
     File size: 153 B (153 bytes)
     Error: getChecksum(dfLC) == getChecksum(df) is not TRUE
     Execution halted
Flavor: r-release-macos-x86_64