CRAN Package Check Results for Package R2OpenBUGS

Last updated on 2020-02-17 22:49:44 CET.

Flavor Version Tinstall Tcheck Ttotal Status Flags
r-devel-linux-x86_64-debian-clang 3.2-3.2 4.41 40.86 45.27 NOTE
r-devel-linux-x86_64-debian-gcc 3.2-3.2 3.72 32.18 35.90 NOTE
r-devel-linux-x86_64-fedora-clang 3.2-3.2 56.67 OK
r-devel-linux-x86_64-fedora-gcc 3.2-3.2 55.09 OK
r-devel-windows-ix86+x86_64 3.2-3.2 9.00 52.00 61.00 OK
r-devel-windows-ix86+x86_64-gcc8 3.2-3.2 16.00 73.00 89.00 OK
r-patched-linux-x86_64 3.2-3.2 3.46 37.83 41.29 NOTE
r-patched-solaris-x86 3.2-3.2 68.60 OK --no-tests
r-release-linux-x86_64 3.2-3.2 4.16 37.27 41.43 NOTE
r-release-windows-ix86+x86_64 3.2-3.2 8.00 52.00 60.00 OK
r-release-osx-x86_64 3.2-3.2 OK
r-oldrel-windows-ix86+x86_64 3.2-3.2 7.00 74.00 81.00 OK
r-oldrel-osx-x86_64 3.2-3.2 OK

Check Details

Version: 3.2-3.2
Check: R code for possible problems
Result: NOTE
    Found the following calls to attach():
    File 'R2OpenBUGS/R/attach.all.R':
     attach(x, name = name)
    See section 'Good practice' in '?attach'.
Flavors: r-devel-linux-x86_64-debian-clang, r-devel-linux-x86_64-debian-gcc, r-patched-linux-x86_64, r-release-linux-x86_64