CRAN Package Check Results for Package R2OpenBUGS

Last updated on 2019-09-17 22:48:16 CEST.

Flavor Version Tinstall Tcheck Ttotal Status Flags
r-devel-linux-x86_64-debian-clang 3.2-3.2 4.94 37.33 42.27 NOTE
r-devel-linux-x86_64-debian-gcc 3.2-3.2 3.67 29.62 33.29 NOTE
r-devel-linux-x86_64-fedora-clang 3.2-3.2 48.27 OK
r-devel-linux-x86_64-fedora-gcc 3.2-3.2 47.14 OK
r-devel-windows-ix86+x86_64 3.2-3.2 12.00 55.00 67.00 OK
r-patched-linux-x86_64 3.2-3.2 4.05 37.77 41.82 NOTE
r-patched-solaris-x86 3.2-3.2 73.90 OK --no-tests
r-release-linux-x86_64 3.2-3.2 4.30 37.08 41.38 NOTE
r-release-windows-ix86+x86_64 3.2-3.2 7.00 74.00 81.00 OK
r-release-osx-x86_64 3.2-3.2 OK
r-oldrel-windows-ix86+x86_64 3.2-3.2 8.00 53.00 61.00 OK
r-oldrel-osx-x86_64 3.2-3.2 OK

Check Details

Version: 3.2-3.2
Check: R code for possible problems
Result: NOTE
    Found the following calls to attach():
    File 'R2OpenBUGS/R/attach.all.R':
     attach(x, name = name)
    See section 'Good practice' in '?attach'.
Flavors: r-devel-linux-x86_64-debian-clang, r-devel-linux-x86_64-debian-gcc, r-patched-linux-x86_64, r-release-linux-x86_64