CRAN Package Check Results for Package R2WinBUGS

Last updated on 2021-09-25 22:54:16 CEST.

Flavor Version Tinstall Tcheck Ttotal Status Flags
r-devel-linux-x86_64-debian-clang 2.1-21 4.32 49.10 53.42 NOTE
r-devel-linux-x86_64-debian-gcc 2.1-21 3.87 38.13 42.00 NOTE
r-devel-linux-x86_64-fedora-clang 2.1-21 73.36 OK
r-devel-linux-x86_64-fedora-gcc 2.1-21 62.43 OK
r-devel-windows-x86_64 2.1-21 6.00 53.00 59.00 OK
r-devel-windows-x86_64-gcc10-UCRT 2.1-21 NOTE
r-patched-linux-x86_64 2.1-21 4.21 48.38 52.59 NOTE
r-patched-solaris-x86 2.1-21 93.20 NOTE
r-release-linux-x86_64 2.1-21 4.01 48.43 52.44 NOTE
r-release-macos-arm64 2.1-21 NOTE
r-release-macos-x86_64 2.1-21 NOTE
r-release-windows-ix86+x86_64 2.1-21 10.00 72.00 82.00 OK
r-oldrel-macos-x86_64 2.1-21 NOTE
r-oldrel-windows-ix86+x86_64 2.1-21 38.00 53.00 91.00 OK

Check Details

Version: 2.1-21
Check: R code for possible problems
Result: NOTE
    Found the following calls to attach():
    File 'R2WinBUGS/R/attach.all.R':
     attach(x, name = name)
    See section 'Good practice' in '?attach'.
Flavors: r-devel-linux-x86_64-debian-clang, r-devel-linux-x86_64-debian-gcc, r-patched-linux-x86_64, r-release-linux-x86_64

Version: 2.1-21
Check: package dependencies
Result: NOTE
    Package suggested but not available for checking: 'BRugs'
Flavors: r-devel-windows-x86_64-gcc10-UCRT, r-patched-solaris-x86, r-release-macos-arm64, r-release-macos-x86_64, r-oldrel-macos-x86_64

Version: 2.1-21
Check: Rd cross-references
Result: NOTE
    Package unavailable to check Rd xrefs: 'BRugs'
Flavors: r-devel-windows-x86_64-gcc10-UCRT, r-release-macos-arm64, r-release-macos-x86_64, r-oldrel-macos-x86_64