CRAN Package Check Results for Package R2admb

Last updated on 2020-01-18 22:48:42 CET.

Flavor Version Tinstall Tcheck Ttotal Status Flags
r-devel-linux-x86_64-debian-clang 0.7.16 4.65 55.34 59.99 OK
r-devel-linux-x86_64-debian-gcc 0.7.16 3.26 43.64 46.90 OK
r-devel-linux-x86_64-fedora-clang 0.7.16 81.48 OK
r-devel-linux-x86_64-fedora-gcc 0.7.16 74.23 OK
r-devel-windows-ix86+x86_64 0.7.16 16.00 93.00 109.00 OK
r-devel-windows-ix86+x86_64-gcc8 0.7.16 9.00 88.00 97.00 OK
r-patched-linux-x86_64 0.7.16 4.23 59.21 63.44 OK
r-patched-solaris-x86 0.7.16 80.40 OK
r-release-linux-x86_64 0.7.16 3.42 58.79 62.21 OK
r-release-windows-ix86+x86_64 0.7.16 11.00 81.00 92.00 OK
r-release-osx-x86_64 0.7.16 WARN
r-oldrel-windows-ix86+x86_64 0.7.16 9.00 66.00 75.00 OK
r-oldrel-osx-x86_64 0.7.16 OK

Check Details

Version: 0.7.16
Check: re-building of vignette outputs
Result: WARN
    Error(s) in re-building vignettes:
     ...
    --- re-building ‘R2admb.Rnw’ using knitr
    Error: processing vignette 'R2admb.Rnw' failed with diagnostics:
    there is no package called 'stringi'
    --- failed re-building ‘R2admb.Rnw’
    
    SUMMARY: processing the following file failed:
     ‘R2admb.Rnw’
    
    Error: Vignette re-building failed.
    Execution halted
Flavor: r-release-osx-x86_64