CRAN Package Check Results for Package RANN

Last updated on 2021-09-22 22:56:41 CEST.

Flavor Version Tinstall Tcheck Ttotal Status Flags
r-devel-linux-x86_64-debian-clang 2.6.1 16.87 21.68 38.55 OK
r-devel-linux-x86_64-debian-gcc 2.6.1 10.12 17.50 27.62 OK
r-devel-linux-x86_64-fedora-clang 2.6.1 70.21 OK
r-devel-linux-x86_64-fedora-gcc 2.6.1 44.70 OK
r-devel-windows-x86_64 2.6.1 20.00 36.00 56.00 OK
r-devel-windows-x86_64-gcc10-UCRT 2.6.1 ERROR
r-patched-linux-x86_64 2.6.1 12.59 21.42 34.01 OK
r-patched-solaris-x86 2.6.1 75.40 OK
r-release-linux-x86_64 2.6.1 12.05 21.21 33.26 OK
r-release-macos-arm64 2.6.1 OK
r-release-macos-x86_64 2.6.1 OK
r-release-windows-ix86+x86_64 2.6.1 46.00 62.00 108.00 OK
r-oldrel-macos-x86_64 2.6.1 OK
r-oldrel-windows-ix86+x86_64 2.6.1 54.00 48.00 102.00 OK

Check Details

Version: 2.6.1
Check: whether package can be installed
Result: ERROR
    Installation failed.
Flavor: r-devel-windows-x86_64-gcc10-UCRT