CRAN Package Check Results for Package RBMRB

Last updated on 2020-02-22 22:47:57 CET.

Flavor Version Tinstall Tcheck Ttotal Status Flags
r-devel-linux-x86_64-debian-clang 2.1.2 7.27 57.46 64.73 OK
r-devel-linux-x86_64-debian-gcc 2.1.2 6.53 43.05 49.58 OK
r-devel-linux-x86_64-fedora-clang 2.1.2 79.13 OK
r-devel-linux-x86_64-fedora-gcc 2.1.2 76.64 OK
r-devel-windows-ix86+x86_64 2.1.2 16.00 104.00 120.00 OK
r-devel-windows-ix86+x86_64-gcc8 2.1.2 27.00 130.00 157.00 OK
r-patched-linux-x86_64 2.1.2 OK
r-patched-solaris-x86 2.1.2 100.00 OK
r-release-linux-x86_64 2.1.2 5.57 50.45 56.02 OK
r-release-windows-ix86+x86_64 2.1.2 3.00 6.00 9.00 ERROR
r-release-osx-x86_64 2.1.2 OK
r-oldrel-windows-ix86+x86_64 2.1.2 9.00 102.00 111.00 OK
r-oldrel-osx-x86_64 2.1.2 OK

Check Details

Version: 2.1.2
Check: whether package can be installed
Result: ERROR
    Installation failed.
Flavor: r-release-windows-ix86+x86_64