Last updated on 2024-03-28 23:01:55 CET.
Flavor | Version | Tinstall | Tcheck | Ttotal | Status | Flags |
---|---|---|---|---|---|---|
r-devel-linux-x86_64-debian-clang | 1.1 | 13.72 | 109.71 | 123.43 | NOTE | |
r-devel-linux-x86_64-debian-gcc | 1.1 | 10.22 | 81.55 | 91.77 | NOTE | |
r-devel-linux-x86_64-fedora-clang | 1.1 | 162.72 | NOTE | |||
r-devel-linux-x86_64-fedora-gcc | 1.1 | 149.35 | NOTE | |||
r-devel-windows-x86_64 | 1.1 | 12.00 | 94.00 | 106.00 | NOTE | |
r-patched-linux-x86_64 | 1.1 | 10.30 | 101.63 | 111.93 | NOTE | |
r-release-linux-x86_64 | 1.1 | 12.65 | 106.17 | 118.82 | NOTE | |
r-release-macos-arm64 | 1.1 | 29.00 | NOTE | |||
r-release-macos-x86_64 | 1.1 | 40.00 | NOTE | |||
r-release-windows-x86_64 | 1.1 | 15.00 | 115.00 | 130.00 | NOTE | |
r-oldrel-macos-arm64 | 1.1 | 27.00 | NOTE | |||
r-oldrel-windows-x86_64 | 1.1 | 17.00 | 118.00 | 135.00 | NOTE |
Version: 1.1
Check: LazyData
Result: NOTE
'LazyData' is specified without a 'data' directory
Flavors: r-devel-linux-x86_64-debian-clang, r-devel-linux-x86_64-debian-gcc, r-devel-linux-x86_64-fedora-clang, r-devel-linux-x86_64-fedora-gcc, r-devel-windows-x86_64, r-patched-linux-x86_64, r-release-linux-x86_64, r-release-macos-arm64, r-release-macos-x86_64, r-release-windows-x86_64, r-oldrel-macos-arm64, r-oldrel-windows-x86_64