CRAN Package Check Results for Package RCSF

Last updated on 2021-05-16 22:50:03 CEST.

Flavor Version Tinstall Tcheck Ttotal Status Flags
r-devel-linux-x86_64-debian-clang 1.0.2 43.33 35.42 78.75 OK
r-devel-linux-x86_64-debian-gcc 1.0.2 26.01 28.82 54.83 OK
r-devel-linux-x86_64-fedora-clang 1.0.2 128.42 OK
r-devel-linux-x86_64-fedora-gcc 1.0.2 95.41 OK
r-devel-windows-ix86+x86_64 1.0.2 103.00 69.00 172.00 OK
r-devel-windows-x86_64-gcc10-UCRT 1.0.2 OK
r-patched-linux-x86_64 1.0.2 32.28 35.00 67.28 OK
r-patched-solaris-x86 1.0.2 127.30 ERROR
r-release-linux-x86_64 1.0.2 32.71 34.92 67.63 OK
r-release-macos-x86_64 1.0.2 OK
r-release-windows-ix86+x86_64 1.0.2 80.00 68.00 148.00 OK
r-oldrel-macos-x86_64 1.0.2 OK
r-oldrel-windows-ix86+x86_64 1.0.2 71.00 85.00 156.00 OK

Check Details

Version: 1.0.2
Check: tests
Result: ERROR
     Running ‘testthat.R’ [17s/22s]
    Running the tests in ‘tests/testthat.R’ failed.
    Complete output:
     > library(testthat)
     > library(RCSF)
     >
     > test_check("RCSF")
     ══ Failed tests ════════════════════════════════════════════════════════════════
     ── Failure (test-CSF.R:7:3): csf algorithm works ───────────────────────────────
     length(id_ground) %in% c(15459L, 15453L) is not TRUE
    
     `actual`: FALSE
     `expected`: TRUE
    
     [ FAIL 1 | WARN 0 | SKIP 0 | PASS 0 ]
     Error: Test failures
     Execution halted
Flavor: r-patched-solaris-x86