CRAN Package Check Results for Package RColetum

Last updated on 2021-12-02 22:56:04 CET.

Flavor Version Tinstall Tcheck Ttotal Status Flags
r-devel-linux-x86_64-debian-clang 0.2.1 3.10 406.54 409.64 NOTE
r-devel-linux-x86_64-debian-gcc 0.2.1 2.09 425.70 427.79 NOTE
r-devel-linux-x86_64-fedora-clang 0.2.1 529.06 NOTE
r-devel-linux-x86_64-fedora-gcc 0.2.1 511.90 NOTE
r-devel-windows-x86_64-new-UL 0.2.1 11.00 615.00 626.00 NOTE
r-devel-windows-x86_64-new-TK 0.2.1 NOTE
r-devel-windows-x86_64-old 0.2.1 5.00 484.00 489.00 NOTE
r-patched-linux-x86_64 0.2.1 2.43 404.68 407.11 NOTE
r-patched-solaris-x86 0.2.1 1344.60 NOTE
r-release-linux-x86_64 0.2.1 2.34 400.70 403.04 NOTE
r-release-macos-arm64 0.2.1 NOTE
r-release-macos-x86_64 0.2.1 NOTE
r-release-windows-ix86+x86_64 0.2.1 5.00 473.00 478.00 NOTE
r-oldrel-macos-x86_64 0.2.1 OK
r-oldrel-windows-ix86+x86_64 0.2.1 6.00 490.00 496.00 OK

Check Details

Version: 0.2.1
Check: LazyData
Result: NOTE
     'LazyData' is specified without a 'data' directory
Flavors: r-devel-linux-x86_64-debian-clang, r-devel-linux-x86_64-debian-gcc, r-devel-linux-x86_64-fedora-clang, r-devel-linux-x86_64-fedora-gcc, r-devel-windows-x86_64-new-UL, r-devel-windows-x86_64-new-TK, r-devel-windows-x86_64-old, r-patched-linux-x86_64, r-patched-solaris-x86, r-release-linux-x86_64, r-release-macos-arm64, r-release-macos-x86_64, r-release-windows-ix86+x86_64