CRAN Package Check Results for Package RCurl

Last updated on 2024-02-24 21:40:30 CET.

Flavor Version Tinstall Tcheck Ttotal Status Flags
r-devel-linux-x86_64-debian-clang 1.98-1.14 23.67 53.37 77.04 NOTE
r-devel-linux-x86_64-debian-gcc 1.98-1.14 17.46 41.18 58.64 NOTE
r-devel-linux-x86_64-fedora-clang 1.98-1.14 95.72 NOTE
r-devel-linux-x86_64-fedora-gcc 1.98-1.14 95.73 NOTE
r-devel-windows-x86_64 1.98-1.14 37.00 187.00 224.00 NOTE
r-patched-linux-x86_64 1.98-1.14 21.19 52.82 74.01 NOTE
r-release-linux-x86_64 1.98-1.14 19.87 53.29 73.16 NOTE
r-release-macos-arm64 1.98-1.14 161.00 NOTE
r-release-macos-x86_64 1.98-1.14 218.00 NOTE
r-release-windows-x86_64 1.98-1.14 41.00 201.00 242.00 NOTE
r-oldrel-macos-arm64 1.98-1.14 170.00 NOTE
r-oldrel-windows-x86_64 1.98-1.14 37.00 155.00 192.00 NOTE

Check Details

Version: 1.98-1.14
Check: for GNU extensions in Makefiles
Result: NOTE GNU make is a SystemRequirements. Flavors: r-devel-linux-x86_64-debian-clang, r-devel-linux-x86_64-debian-gcc, r-devel-linux-x86_64-fedora-clang, r-devel-linux-x86_64-fedora-gcc, r-devel-windows-x86_64, r-patched-linux-x86_64, r-release-linux-x86_64, r-release-macos-arm64, r-release-macos-x86_64, r-release-windows-x86_64, r-oldrel-macos-arm64, r-oldrel-windows-x86_64

Version: 1.98-1.14
Check: installed package size
Result: NOTE installed size is 10.3Mb sub-directories of 1Mb or more: libs 8.3Mb Flavors: r-devel-windows-x86_64, r-release-windows-x86_64, r-oldrel-windows-x86_64