Last updated on 2023-10-01 23:03:55 CEST.
Flavor | Version | Tinstall | Tcheck | Ttotal | Status | Flags |
---|---|---|---|---|---|---|
r-devel-linux-x86_64-debian-clang | 1.0 | 32.60 | 68.35 | 100.95 | NOTE | |
r-devel-linux-x86_64-debian-gcc | 1.0 | 29.92 | 50.37 | 80.29 | NOTE | |
r-devel-linux-x86_64-fedora-clang | 1.0 | 134.66 | NOTE | |||
r-devel-linux-x86_64-fedora-gcc | 1.0 | 139.13 | NOTE | |||
r-devel-windows-x86_64 | 1.0 | 29.00 | 75.00 | 104.00 | NOTE | |
r-patched-linux-x86_64 | 1.0 | 31.72 | 64.28 | 96.00 | NOTE | |
r-release-linux-x86_64 | 1.0 | 23.37 | 65.36 | 88.73 | NOTE | |
r-release-macos-arm64 | 1.0 | 39.00 | NOTE | |||
r-release-macos-x86_64 | 1.0 | 67.00 | NOTE | |||
r-release-windows-x86_64 | 1.0 | 38.00 | 86.00 | 124.00 | NOTE | |
r-oldrel-macos-arm64 | 1.0 | 35.00 | NOTE | |||
r-oldrel-macos-x86_64 | 1.0 | 64.00 | NOTE | |||
r-oldrel-windows-x86_64 | 1.0 | 43.00 | 80.00 | 123.00 | NOTE |
Version: 1.0
Check: LazyData
Result: NOTE
'LazyData' is specified without a 'data' directory
Flavors: r-devel-linux-x86_64-debian-clang, r-devel-linux-x86_64-debian-gcc, r-devel-linux-x86_64-fedora-clang, r-devel-linux-x86_64-fedora-gcc, r-devel-windows-x86_64, r-patched-linux-x86_64, r-release-linux-x86_64, r-release-macos-arm64, r-release-macos-x86_64, r-release-windows-x86_64, r-oldrel-macos-arm64, r-oldrel-macos-x86_64, r-oldrel-windows-x86_64