CRAN Package Check Results for Package RDSTK

Last updated on 2022-01-24 22:56:38 CET.

Flavor Version Tinstall Tcheck Ttotal Status Flags
r-devel-linux-x86_64-debian-clang 1.1 2.89 40.64 43.53 NOTE
r-devel-linux-x86_64-debian-gcc 1.1 2.37 31.43 33.80 NOTE
r-devel-linux-x86_64-fedora-clang 1.1 53.81 NOTE
r-devel-linux-x86_64-fedora-gcc 1.1 43.98 NOTE
r-devel-windows-x86_64-new-UL 1.1 17.00 62.00 79.00 NOTE
r-devel-windows-x86_64-new-TK 1.1 NOTE
r-patched-linux-x86_64 1.1 4.17 38.84 43.01 NOTE
r-release-linux-x86_64 1.1 2.56 38.38 40.94 NOTE
r-release-macos-arm64 1.1 NOTE
r-release-macos-x86_64 1.1 NOTE
r-release-windows-ix86+x86_64 1.1 8.00 51.00 59.00 NOTE
r-oldrel-macos-x86_64 1.1 NOTE
r-oldrel-windows-ix86+x86_64 1.1 8.00 51.00 59.00 NOTE

Check Details

Version: 1.1
Check: R code for possible problems
Result: NOTE
    ip2coordinates: no visible global function definition for 'URLencode'
    street2coordinates: no visible global function definition for
     'URLencode'
    Undefined global functions or variables:
     URLencode
    Consider adding
     importFrom("utils", "URLencode")
    to your NAMESPACE file.
Flavors: r-devel-linux-x86_64-debian-clang, r-devel-linux-x86_64-debian-gcc, r-devel-linux-x86_64-fedora-clang, r-devel-linux-x86_64-fedora-gcc, r-devel-windows-x86_64-new-UL, r-devel-windows-x86_64-new-TK, r-patched-linux-x86_64, r-release-linux-x86_64, r-release-macos-arm64, r-release-macos-x86_64, r-release-windows-ix86+x86_64, r-oldrel-macos-x86_64, r-oldrel-windows-ix86+x86_64