CRAN Package Check Results for Package REBayes

Last updated on 2019-10-16 22:56:08 CEST.

Flavor Version Tinstall Tcheck Ttotal Status Flags
r-devel-linux-x86_64-debian-clang 1.8 8.47 61.67 70.14 OK --no-examples --no-tests --no-vignettes
r-devel-linux-x86_64-debian-gcc 1.8 6.75 49.03 55.78 OK --no-examples --no-tests --no-vignettes
r-devel-windows-ix86+x86_64 1.8 24.00 146.00 170.00 OK
r-patched-linux-x86_64 1.8 9.31 60.84 70.15 OK --no-examples --no-tests --no-vignettes
r-release-linux-x86_64 1.8 7.57 61.05 68.62 OK --no-examples --no-tests --no-vignettes
r-release-osx-x86_64 1.8 OK
r-oldrel-windows-ix86+x86_64 1.2 1.00 5.00 6.00 ERROR
r-oldrel-osx-x86_64 1.8 OK

Check Details

Version: 1.2
Check: package dependencies
Result: ERROR
    Package required but not available: 'Rmosek'
    
    See section 'The DESCRIPTION file' in the 'Writing R Extensions'
    manual.
Flavor: r-oldrel-windows-ix86+x86_64