CRAN Package Check Results for Package REPPlabShiny

Last updated on 2022-01-20 22:54:14 CET.

Flavor Version Tinstall Tcheck Ttotal Status Flags
r-devel-linux-x86_64-debian-clang 0.4.1 NOTE
r-devel-linux-x86_64-debian-gcc 0.4.1 4.61 43.97 48.58 NOTE
r-devel-linux-x86_64-fedora-clang 0.4.1 73.56 NOTE
r-devel-linux-x86_64-fedora-gcc 0.4.1 63.91 NOTE
r-devel-windows-x86_64-new-UL 0.4.1 34.00 83.00 117.00 NOTE
r-devel-windows-x86_64-new-TK 0.4.1 NOTE
r-patched-linux-x86_64 0.4.1 5.34 55.02 60.36 NOTE
r-release-linux-x86_64 0.4.1 4.44 54.34 58.78 NOTE
r-release-macos-arm64 0.4.1 NOTE
r-release-macos-x86_64 0.4.1 NOTE
r-release-windows-ix86+x86_64 0.4.1 14.00 68.00 82.00 NOTE
r-oldrel-macos-x86_64 0.4.1 OK
r-oldrel-windows-ix86+x86_64 0.4.1 16.00 69.00 85.00 OK

Check Details

Version: 0.4.1
Check: LazyData
Result: NOTE
     'LazyData' is specified without a 'data' directory
Flavors: r-devel-linux-x86_64-debian-clang, r-devel-linux-x86_64-debian-gcc, r-devel-linux-x86_64-fedora-clang, r-devel-linux-x86_64-fedora-gcc, r-devel-windows-x86_64-new-UL, r-devel-windows-x86_64-new-TK, r-patched-linux-x86_64, r-release-linux-x86_64, r-release-macos-arm64, r-release-macos-x86_64, r-release-windows-ix86+x86_64