Last updated on 2024-04-17 23:00:05 CEST.
Flavor | Version | Tinstall | Tcheck | Ttotal | Status | Flags |
---|---|---|---|---|---|---|
r-devel-linux-x86_64-debian-clang | 1.1.4 | 7.99 | 64.94 | 72.93 | NOTE | |
r-devel-linux-x86_64-debian-gcc | 1.1.4 | 5.31 | 49.74 | 55.05 | NOTE | |
r-devel-linux-x86_64-fedora-clang | 1.1.4 | 91.19 | NOTE | |||
r-devel-linux-x86_64-fedora-gcc | 1.1.4 | 86.85 | NOTE | |||
r-prerel-macos-arm64 | 1.1.4 | 30.00 | NOTE | |||
r-prerel-windows-x86_64 | 1.1.4 | 7.00 | 63.00 | 70.00 | NOTE | |
r-patched-linux-x86_64 | 1.1.4 | 4.76 | 62.00 | 66.76 | NOTE | |
r-release-linux-x86_64 | 1.1.4 | 5.22 | 62.96 | 68.18 | NOTE | |
r-release-macos-arm64 | 1.1.4 | 29.00 | NOTE | |||
r-release-macos-x86_64 | 1.1.4 | 43.00 | NOTE | |||
r-release-windows-x86_64 | 1.1.4 | 11.00 | 73.00 | 84.00 | NOTE | |
r-oldrel-macos-arm64 | 1.1.4 | 30.00 | NOTE | |||
r-oldrel-windows-x86_64 | 1.1.4 | 10.00 | 84.00 | 94.00 | NOTE |
Version: 1.1.4
Check: LazyData
Result: NOTE
'LazyData' is specified without a 'data' directory
Flavors: r-devel-linux-x86_64-debian-clang, r-devel-linux-x86_64-debian-gcc, r-devel-linux-x86_64-fedora-clang, r-devel-linux-x86_64-fedora-gcc, r-prerel-macos-arm64, r-prerel-windows-x86_64, r-patched-linux-x86_64, r-release-linux-x86_64, r-release-macos-arm64, r-release-macos-x86_64, r-release-windows-x86_64, r-oldrel-macos-arm64, r-oldrel-windows-x86_64