CRAN Package Check Results for Package RFgroove

Last updated on 2019-08-22 22:47:04 CEST.

Flavor Version Tinstall Tcheck Ttotal Status Flags
r-devel-linux-x86_64-debian-clang 1.1 9.73 73.38 83.11 OK
r-devel-linux-x86_64-debian-gcc 1.1 7.88 58.17 66.05 OK
r-devel-linux-x86_64-fedora-clang 1.1 100.92 NOTE
r-devel-linux-x86_64-fedora-gcc 1.1 97.47 NOTE
r-devel-windows-ix86+x86_64 1.1 30.00 114.00 144.00 OK
r-patched-linux-x86_64 1.1 9.13 71.19 80.32 OK
r-patched-solaris-x86 1.1 150.90 OK
r-release-linux-x86_64 1.1 9.46 72.00 81.46 OK
r-release-windows-ix86+x86_64 1.1 25.00 154.00 179.00 OK
r-release-osx-x86_64 1.1 OK
r-oldrel-windows-ix86+x86_64 1.1 19.00 138.00 157.00 OK
r-oldrel-osx-x86_64 1.1 OK

Check Details

Version: 1.1
Check: compiled code
Result: NOTE
    File ‘RFgroove/libs/RFgroove.so’:
     Found no calls to: ‘R_registerRoutines’, ‘R_useDynamicSymbols’
    
    It is good practice to register native routines and to disable symbol
    search.
    
    See ‘Writing portable packages’ in the ‘Writing R Extensions’ manual.
Flavors: r-devel-linux-x86_64-fedora-clang, r-devel-linux-x86_64-fedora-gcc