CRAN Package Check Results for Package RGCxGC

Last updated on 2021-07-25 23:00:27 CEST.

Flavor Version Tinstall Tcheck Ttotal Status Flags
r-devel-linux-x86_64-debian-clang 1.1-2 18.22 221.25 239.47 OK
r-devel-linux-x86_64-debian-gcc 1.1-2 14.64 155.96 170.60 OK
r-devel-linux-x86_64-fedora-clang 1.1-2 282.06 NOTE
r-devel-linux-x86_64-fedora-gcc 1.1-2 269.41 OK
r-devel-windows-x86_64 1.1-2 27.00 276.00 303.00 NOTE
r-devel-windows-x86_64-gcc10-UCRT 1.1-2 OK
r-patched-linux-x86_64 1.1-2 15.45 205.50 220.95 OK
r-patched-solaris-x86 1.1-2 387.70 NOTE
r-release-linux-x86_64 1.1-2 15.87 203.72 219.59 OK
r-release-macos-arm64 1.1-2 ERROR
r-release-macos-x86_64 1.1-2 NOTE
r-release-windows-ix86+x86_64 1.1-2 38.00 182.00 220.00 NOTE
r-oldrel-macos-x86_64 1.1-2 NOTE
r-oldrel-windows-ix86+x86_64 1.1-2 27.00 264.00 291.00 NOTE

Check Details

Version: 1.1-2
Check: installed package size
Result: NOTE
     installed size is 7.2Mb
     sub-directories of 1Mb or more:
     data 1.9Mb
     doc 2.2Mb
     extdata 2.7Mb
Flavors: r-devel-linux-x86_64-fedora-clang, r-devel-windows-x86_64, r-patched-solaris-x86, r-release-macos-x86_64, r-release-windows-ix86+x86_64, r-oldrel-macos-x86_64, r-oldrel-windows-ix86+x86_64

Version: 1.1-2
Check: package dependencies
Result: ERROR
    Package required but not available: ‘mixOmics’
    
    See section ‘The DESCRIPTION file’ in the ‘Writing R Extensions’
    manual.
Flavor: r-release-macos-arm64