CRAN Package Check Results for Package RGCxGC

Last updated on 2021-11-29 22:59:22 CET.

Flavor Version Tinstall Tcheck Ttotal Status Flags
r-devel-linux-x86_64-debian-clang 1.1-2 16.81 213.49 230.30 OK
r-devel-linux-x86_64-debian-gcc 1.1-2 14.43 152.73 167.16 OK
r-devel-linux-x86_64-fedora-clang 1.1-2 288.51 NOTE
r-devel-linux-x86_64-fedora-gcc 1.1-2 271.01 OK
r-devel-windows-x86_64-new-UL 1.1-2 38.00 286.00 324.00 NOTE
r-devel-windows-x86_64-new-TK 1.1-2 OK
r-devel-windows-x86_64-old 1.1-2 29.00 189.00 218.00 NOTE
r-patched-linux-x86_64 1.1-2 15.64 205.37 221.01 OK
r-patched-solaris-x86 1.1-2 273.00 NOTE
r-release-linux-x86_64 1.1-2 13.89 206.67 220.56 OK
r-release-macos-arm64 1.1-2 NOTE
r-release-macos-x86_64 1.1-2 NOTE
r-release-windows-ix86+x86_64 1.1-2 40.00 261.00 301.00 NOTE
r-oldrel-macos-x86_64 1.1-2 NOTE
r-oldrel-windows-ix86+x86_64 1.1-2 29.00 227.00 256.00 NOTE

Check Details

Version: 1.1-2
Check: installed package size
Result: NOTE
     installed size is 7.2Mb
     sub-directories of 1Mb or more:
     data 1.9Mb
     doc 2.2Mb
     extdata 2.7Mb
Flavors: r-devel-linux-x86_64-fedora-clang, r-devel-windows-x86_64-new-UL, r-devel-windows-x86_64-old, r-patched-solaris-x86, r-release-macos-arm64, r-release-macos-x86_64, r-release-windows-ix86+x86_64, r-oldrel-macos-x86_64, r-oldrel-windows-ix86+x86_64