CRAN Package Check Results for Package RGENERATE

Last updated on 2024-07-23 22:49:49 CEST.

Flavor Version Tinstall Tcheck Ttotal Status Flags
r-devel-linux-x86_64-debian-clang 1.3.7 4.50 63.24 67.74 OK
r-devel-linux-x86_64-debian-gcc 1.3.7 3.30 47.44 50.74 NOTE
r-devel-linux-x86_64-fedora-clang 1.3.7 83.66 OK
r-devel-linux-x86_64-fedora-gcc 1.3.7 98.59 OK
r-devel-windows-x86_64 1.3.7 5.00 73.00 78.00 NOTE
r-patched-linux-x86_64 1.3.7 6.78 59.23 66.01 OK
r-release-linux-x86_64 1.3.7 4.29 60.38 64.67 OK
r-release-macos-arm64 1.3.7 37.00 OK
r-release-macos-x86_64 1.3.7 55.00 OK
r-release-windows-x86_64 1.3.7 5.00 73.00 78.00 OK
r-oldrel-macos-arm64 1.3.7 36.00 OK
r-oldrel-macos-x86_64 1.3.7 52.00 OK
r-oldrel-windows-x86_64 1.3.7 6.00 81.00 87.00 OK

Check Details

Version: 1.3.7
Check: Rd cross-references
Result: NOTE Found the following Rd file(s) with Rd \link{} targets missing package anchors: generate.Rd: varest-class, varest2-class, inv_GPCA, GPCAvarest2-class, adddate, getVARmodel Please provide package anchors for all Rd \link{} targets not in the package itself and the base packages. Flavors: r-devel-linux-x86_64-debian-gcc, r-devel-windows-x86_64