Last updated on 2024-04-18 22:52:56 CEST.
Flavor | Version | Tinstall | Tcheck | Ttotal | Status | Flags |
---|---|---|---|---|---|---|
r-devel-linux-x86_64-debian-clang | 1.1.1 | 14.00 | 110.36 | 124.36 | OK | |
r-devel-linux-x86_64-debian-gcc | 1.1.1 | 9.21 | 80.87 | 90.08 | OK | |
r-devel-linux-x86_64-fedora-clang | 1.1.1 | 164.21 | OK | |||
r-devel-linux-x86_64-fedora-gcc | 1.1.1 | 163.75 | OK | |||
r-prerel-macos-arm64 | 1.1.1 | 53.00 | OK | |||
r-prerel-windows-x86_64 | 1.1.1 | 32.00 | 319.00 | 351.00 | OK | |
r-patched-linux-x86_64 | 1.1.1 | 11.71 | 106.46 | 118.17 | OK | |
r-release-linux-x86_64 | 1.1.1 | 11.66 | 99.89 | 111.55 | OK | |
r-release-macos-arm64 | 1.1.1 | 54.00 | NOTE | |||
r-release-macos-x86_64 | 1.1.1 | 82.00 | OK | |||
r-release-windows-x86_64 | 1.1.1 | 26.00 | 239.00 | 265.00 | OK | |
r-oldrel-macos-arm64 | 1.1.1 | 44.00 | NOTE | |||
r-oldrel-windows-x86_64 | 1.1.1 | 28.00 | 219.00 | 247.00 | OK |
Version: 1.1.1
Check: whether the namespace can be loaded with stated dependencies
Result: NOTE
Warning in py_initialize(config$python, config$libpython, config$pythonhome, :
Python 2 reached EOL on January 1, 2020. Python 2 compatability be removed in an upcoming reticulate release.
A namespace must be able to be loaded with just the base namespace
loaded: otherwise if the namespace gets loaded by a saved object, the
session will be unable to start.
Probably some imports need to be declared in the NAMESPACE file.
Flavors: r-release-macos-arm64, r-oldrel-macos-arm64