CRAN Package Check Results for Package RGoogleFit

Last updated on 2021-12-01 22:53:22 CET.

Flavor Version Tinstall Tcheck Ttotal Status Flags
r-devel-linux-x86_64-debian-clang 0.4.0 3.23 30.96 34.19 NOTE
r-devel-linux-x86_64-debian-gcc 0.4.0 1.99 24.02 26.01 NOTE
r-devel-linux-x86_64-fedora-clang 0.4.0 51.70 NOTE
r-devel-linux-x86_64-fedora-gcc 0.4.0 41.16 NOTE
r-devel-windows-x86_64-new-UL 0.4.0 8.00 64.00 72.00 NOTE
r-devel-windows-x86_64-new-TK 0.4.0 NOTE
r-devel-windows-x86_64-old 0.4.0 6.00 37.00 43.00 NOTE
r-patched-linux-x86_64 0.4.0 3.11 29.08 32.19 NOTE
r-patched-solaris-x86 0.4.0 65.50 NOTE
r-release-linux-x86_64 0.4.0 3.03 29.18 32.21 NOTE
r-release-macos-arm64 0.4.0 NOTE
r-release-macos-x86_64 0.4.0 NOTE
r-release-windows-ix86+x86_64 0.4.0 9.00 47.00 56.00 NOTE
r-oldrel-macos-x86_64 0.4.0 OK
r-oldrel-windows-ix86+x86_64 0.4.0 7.00 54.00 61.00 OK

Check Details

Version: 0.4.0
Check: LazyData
Result: NOTE
     'LazyData' is specified without a 'data' directory
Flavors: r-devel-linux-x86_64-debian-clang, r-devel-linux-x86_64-debian-gcc, r-devel-linux-x86_64-fedora-clang, r-devel-linux-x86_64-fedora-gcc, r-devel-windows-x86_64-new-UL, r-devel-windows-x86_64-new-TK, r-devel-windows-x86_64-old, r-patched-linux-x86_64, r-patched-solaris-x86, r-release-linux-x86_64, r-release-macos-arm64, r-release-macos-x86_64, r-release-windows-ix86+x86_64