CRAN Package Check Results for Package RHPCBenchmark

Last updated on 2024-06-19 22:54:49 CEST.

Flavor Version Tinstall Tcheck Ttotal Status Flags
r-devel-linux-x86_64-debian-clang 0.1.0 5.15 44.54 49.69 NOTE
r-devel-linux-x86_64-debian-gcc 0.1.0 3.77 32.93 36.70 NOTE
r-devel-linux-x86_64-fedora-clang 0.1.0 60.69 NOTE
r-devel-linux-x86_64-fedora-gcc 0.1.0 70.89 NOTE
r-devel-windows-x86_64 0.1.0 5.00 62.00 67.00 NOTE
r-patched-linux-x86_64 0.1.0 7.11 41.76 48.87 NOTE
r-release-linux-x86_64 0.1.0 5.39 40.97 46.36 NOTE
r-release-macos-arm64 0.1.0 28.00 NOTE
r-release-macos-x86_64 0.1.0 42.00 NOTE
r-release-windows-x86_64 0.1.0 6.00 64.00 70.00 NOTE
r-oldrel-macos-arm64 0.1.0 29.00 NOTE
r-oldrel-macos-x86_64 0.1.0 47.00 NOTE
r-oldrel-windows-x86_64 0.1.0 5.00 68.00 73.00 NOTE

Check Details

Version: 0.1.0
Check: Rd files
Result: NOTE checkRd: (-1) GenerateClusterData.Rd:34: Lost braces; missing escapes or markup? 34 | origin, v_1, -v_1, v_2, -v_2, v_3, -v_3,..., v_{(numberOfClusters-1)/2}, | ^ checkRd: (-1) GenerateClusterData.Rd:35: Lost braces; missing escapes or markup? 35 | -v_{(numberOfClusters-1)/2} (if \code{numberOfClusters} is odd) | ^ checkRd: (-1) GenerateClusterData.Rd:36: Lost braces; missing escapes or markup? 36 | origin, v_1, -v_1, v_2, -v_2, v_3, -v_3,..., v_{(numberOfClusters-1)/2} | ^ checkRd: (-1) GetClusteringDefaultMicrobenchmarks.Rd:21-22: Lost braces in \enumerate; meant \describe ? checkRd: (-1) GetClusteringDefaultMicrobenchmarks.Rd:23-24: Lost braces in \enumerate; meant \describe ? checkRd: (-1) GetClusteringDefaultMicrobenchmarks.Rd:25-26: Lost braces in \enumerate; meant \describe ? checkRd: (-1) GetClusteringDefaultMicrobenchmarks.Rd:27-28: Lost braces in \enumerate; meant \describe ? checkRd: (-1) GetClusteringDefaultMicrobenchmarks.Rd:29-30: Lost braces in \enumerate; meant \describe ? checkRd: (-1) GetClusteringDefaultMicrobenchmarks.Rd:31-32: Lost braces in \enumerate; meant \describe ? checkRd: (-1) GetClusteringDefaultMicrobenchmarks.Rd:33-34: Lost braces in \enumerate; meant \describe ? checkRd: (-1) GetClusteringDefaultMicrobenchmarks.Rd:35-36: Lost braces 35 | \item{pam_cluster_64_7_5715},{N=64, seven clusters with 5715 vectors per | ^ checkRd: (-1) GetClusteringDefaultMicrobenchmarks.Rd:37-38: Lost braces in \enumerate; meant \describe ? checkRd: (-1) GetClusteringDefaultMicrobenchmarks.Rd:39-40: Lost braces in \enumerate; meant \describe ? checkRd: (-1) GetClusteringExampleMicrobenchmarks.Rd:21-22: Lost braces in \enumerate; meant \describe ? checkRd: (-1) GetClusteringExampleMicrobenchmarks.Rd:23-24: Lost braces in \enumerate; meant \describe ? Flavors: r-devel-linux-x86_64-debian-clang, r-devel-linux-x86_64-debian-gcc, r-devel-linux-x86_64-fedora-clang, r-devel-linux-x86_64-fedora-gcc, r-devel-windows-x86_64, r-patched-linux-x86_64, r-release-linux-x86_64, r-release-macos-arm64, r-release-macos-x86_64, r-release-windows-x86_64

Version: 0.1.0
Check: LazyData
Result: NOTE 'LazyData' is specified without a 'data' directory Flavors: r-devel-linux-x86_64-debian-clang, r-devel-linux-x86_64-debian-gcc, r-devel-linux-x86_64-fedora-clang, r-devel-linux-x86_64-fedora-gcc, r-devel-windows-x86_64, r-patched-linux-x86_64, r-release-linux-x86_64, r-release-macos-arm64, r-release-macos-x86_64, r-release-windows-x86_64, r-oldrel-macos-arm64, r-oldrel-macos-x86_64, r-oldrel-windows-x86_64