CRAN Package Check Results for Package RHPCBenchmark

Last updated on 2023-09-25 22:12:49 CEST.

Flavor Version Tinstall Tcheck Ttotal Status Flags
r-devel-linux-x86_64-debian-clang 0.1.0 4.94 42.01 46.95 NOTE
r-devel-linux-x86_64-debian-gcc 0.1.0 3.73 32.62 36.35 NOTE
r-devel-linux-x86_64-fedora-clang 0.1.0 59.59 NOTE
r-devel-linux-x86_64-fedora-gcc 0.1.0 72.09 NOTE
r-devel-windows-x86_64 0.1.0 5.00 63.00 68.00 NOTE
r-patched-linux-x86_64 0.1.0 6.53 40.34 46.87 NOTE
r-release-linux-x86_64 0.1.0 3.34 40.83 44.17 NOTE
r-release-macos-arm64 0.1.0 29.00 NOTE
r-release-macos-x86_64 0.1.0 47.00 NOTE
r-release-windows-x86_64 0.1.0 6.00 66.00 72.00 NOTE
r-oldrel-macos-arm64 0.1.0 23.00 NOTE
r-oldrel-macos-x86_64 0.1.0 31.00 NOTE
r-oldrel-windows-x86_64 0.1.0 8.00 59.00 67.00 NOTE

Check Details

Version: 0.1.0
Check: LazyData
Result: NOTE
     'LazyData' is specified without a 'data' directory
Flavors: r-devel-linux-x86_64-debian-clang, r-devel-linux-x86_64-debian-gcc, r-devel-linux-x86_64-fedora-clang, r-devel-linux-x86_64-fedora-gcc, r-devel-windows-x86_64, r-patched-linux-x86_64, r-release-linux-x86_64, r-release-macos-arm64, r-release-macos-x86_64, r-release-windows-x86_64, r-oldrel-macos-arm64, r-oldrel-macos-x86_64, r-oldrel-windows-x86_64