CRAN Package Check Results for Package RImageJROI

Last updated on 2022-08-19 22:53:26 CEST.

Flavor Version Tinstall Tcheck Ttotal Status Flags
r-devel-linux-x86_64-debian-clang 0.1.2 9.43 85.85 95.28 NOTE
r-devel-linux-x86_64-debian-gcc 0.1.2 7.05 63.80 70.85 NOTE
r-devel-linux-x86_64-fedora-clang 0.1.2 119.64 NOTE
r-devel-linux-x86_64-fedora-gcc 0.1.2 122.08 NOTE
r-devel-windows-x86_64 0.1.2 17.00 104.00 121.00 NOTE
r-patched-linux-x86_64 0.1.2 14.72 79.77 94.49 NOTE
r-release-linux-x86_64 0.1.2 NOTE
r-release-macos-arm64 0.1.2 36.00 NOTE
r-release-macos-x86_64 0.1.2 58.00 NOTE
r-release-windows-x86_64 0.1.2 28.00 107.00 135.00 NOTE
r-oldrel-macos-arm64 0.1.2 40.00 NOTE
r-oldrel-macos-x86_64 0.1.2 45.00 NOTE
r-oldrel-windows-ix86+x86_64 0.1.2 19.00 103.00 122.00 NOTE

Check Details

Version: 0.1.2
Check: LazyData
Result: NOTE
     'LazyData' is specified without a 'data' directory
Flavors: r-devel-linux-x86_64-debian-clang, r-devel-linux-x86_64-debian-gcc, r-devel-linux-x86_64-fedora-clang, r-devel-linux-x86_64-fedora-gcc, r-devel-windows-x86_64, r-patched-linux-x86_64, r-release-linux-x86_64, r-release-macos-arm64, r-release-macos-x86_64, r-release-windows-x86_64, r-oldrel-macos-arm64, r-oldrel-macos-x86_64, r-oldrel-windows-ix86+x86_64