CRAN Package Check Results for Package RJDemetra

Last updated on 2022-01-27 23:01:15 CET.

Flavor Version Tinstall Tcheck Ttotal Status Flags
r-devel-linux-x86_64-debian-clang 0.1.9 10.62 90.16 100.78 OK
r-devel-linux-x86_64-debian-gcc 0.1.9 9.19 67.72 76.91 OK
r-devel-linux-x86_64-fedora-clang 0.1.9 27.66 ERROR
r-devel-linux-x86_64-fedora-gcc 0.1.9 114.07 OK
r-devel-windows-x86_64-new-UL 0.1.9 116.00 100.00 216.00 NOTE
r-devel-windows-x86_64-new-TK 0.1.9 OK
r-patched-linux-x86_64 0.1.9 12.82 87.07 99.89 OK
r-release-linux-x86_64 0.1.9 11.44 86.30 97.74 OK
r-release-macos-arm64 0.1.9 NOTE
r-release-macos-x86_64 0.1.9 NOTE
r-release-windows-ix86+x86_64 0.1.9 21.00 94.00 115.00 NOTE
r-oldrel-macos-x86_64 0.1.9 NOTE
r-oldrel-windows-ix86+x86_64 0.1.9 21.00 92.00 113.00 NOTE

Additional issues

M1mac

Check Details

Version: 0.1.9
Check: whether package can be installed
Result: ERROR
    Installation failed.
Flavor: r-devel-linux-x86_64-fedora-clang

Version: 0.1.9
Check: installed package size
Result: NOTE
     installed size is 5.2Mb
     sub-directories of 1Mb or more:
     java 4.4Mb
Flavors: r-devel-windows-x86_64-new-UL, r-release-macos-arm64, r-release-macos-x86_64, r-release-windows-ix86+x86_64, r-oldrel-macos-x86_64, r-oldrel-windows-ix86+x86_64