CRAN Package Check Results for Package RKEA

Last updated on 2019-09-21 22:49:08 CEST.

Flavor Version Tinstall Tcheck Ttotal Status Flags
r-devel-linux-x86_64-debian-clang 0.0-6 4.24 40.60 44.84 OK
r-devel-linux-x86_64-debian-gcc 0.0-6 2.89 31.85 34.74 OK
r-devel-linux-x86_64-fedora-clang 0.0-6 55.35 OK
r-devel-linux-x86_64-fedora-gcc 0.0-6 56.10 OK
r-devel-windows-ix86+x86_64 0.0-6 7.00 6.00 13.00 ERROR
r-patched-linux-x86_64 0.0-6 3.49 39.61 43.10 OK
r-patched-solaris-x86 0.0-6 83.30 OK
r-release-linux-x86_64 0.0-6 3.35 39.44 42.79 OK
r-release-windows-ix86+x86_64 0.0-6 8.00 52.00 60.00 OK
r-release-osx-x86_64 0.0-6 OK
r-oldrel-windows-ix86+x86_64 0.0-6 4.00 55.00 59.00 OK
r-oldrel-osx-x86_64 0.0-6 OK

Check Details

Version: 0.0-6
Check: whether package can be installed
Result: ERROR
    Installation failed.
Flavor: r-devel-windows-ix86+x86_64