CRAN Package Check Results for Package RKEAjars

Last updated on 2022-01-24 22:56:39 CET.

Flavor Version Tinstall Tcheck Ttotal Status Flags
r-devel-linux-x86_64-debian-clang 5.0-4 3.06 33.67 36.73 OK
r-devel-linux-x86_64-debian-gcc 5.0-4 3.42 25.90 29.32 OK
r-devel-linux-x86_64-fedora-clang 5.0-4 45.32 NOTE
r-devel-linux-x86_64-fedora-gcc 5.0-4 38.22 OK
r-devel-windows-x86_64-new-UL 5.0-4 28.00 45.00 73.00 NOTE
r-devel-windows-x86_64-new-TK 5.0-4 OK
r-patched-linux-x86_64 5.0-4 4.97 31.96 36.93 OK
r-release-linux-x86_64 5.0-4 3.70 32.69 36.39 OK
r-release-macos-arm64 5.0-4 NOTE
r-release-macos-x86_64 5.0-4 NOTE
r-release-windows-ix86+x86_64 5.0-4 10.00 43.00 53.00 NOTE
r-oldrel-macos-x86_64 5.0-4 NOTE
r-oldrel-windows-ix86+x86_64 5.0-4 8.00 33.00 41.00 NOTE

Check Details

Version: 5.0-4
Check: installed package size
Result: NOTE
     installed size is 10.9Mb
     sub-directories of 1Mb or more:
     java 10.8Mb
Flavors: r-devel-linux-x86_64-fedora-clang, r-devel-windows-x86_64-new-UL, r-release-macos-arm64, r-release-macos-x86_64, r-release-windows-ix86+x86_64, r-oldrel-macos-x86_64, r-oldrel-windows-ix86+x86_64