CRAN Package Check Results for Package RKEEL

Last updated on 2019-07-17 22:54:38 CEST.

Flavor Version Tinstall Tcheck Ttotal Status Flags
r-devel-linux-x86_64-debian-clang 1.2.7 83.67 97.28 180.95 NOTE
r-devel-linux-x86_64-debian-gcc 1.2.7 76.01 76.29 152.30 NOTE
r-devel-linux-x86_64-fedora-clang 1.2.7 239.09 NOTE
r-devel-linux-x86_64-fedora-gcc 1.2.7 235.74 NOTE
r-devel-windows-ix86+x86_64 1.2.7 141.00 125.00 266.00 OK
r-patched-linux-x86_64 1.2.7 82.40 97.80 180.20 OK
r-release-linux-x86_64 1.2.7 81.95 96.16 178.11 OK
r-release-windows-ix86+x86_64 1.2.7 101.00 150.00 251.00 OK
r-release-osx-x86_64 1.2.7 NOTE
r-oldrel-windows-ix86+x86_64 1.2.7 102.00 124.00 226.00 OK
r-oldrel-osx-x86_64 1.2.7 NOTE

Check Details

Version: 1.2.7
Check: for non-standard things in the check directory
Result: NOTE
    Found the following files/directories:
     'iris.dat' 'myrules.csv'
Flavors: r-devel-linux-x86_64-debian-clang, r-devel-linux-x86_64-debian-gcc, r-devel-linux-x86_64-fedora-clang, r-devel-linux-x86_64-fedora-gcc

Version: 1.2.7
Check: dependencies in R code
Result: NOTE
    Namespaces in Imports field not imported from:
     ‘Matrix’ ‘arules’ ‘pmml’ ‘rJava’
     All declared Imports should be used.
Flavors: r-devel-linux-x86_64-fedora-clang, r-devel-linux-x86_64-fedora-gcc, r-release-osx-x86_64, r-oldrel-osx-x86_64