CRAN Package Check Results for Package RKEEL

Last updated on 2019-10-16 22:56:09 CEST.

Flavor Version Tinstall Tcheck Ttotal Status Flags
r-devel-linux-x86_64-debian-clang 1.3.1 82.85 104.60 187.45 OK
r-devel-linux-x86_64-debian-gcc 1.3.1 76.24 80.57 156.81 OK
r-devel-linux-x86_64-fedora-clang 1.3.1 252.02 NOTE
r-devel-linux-x86_64-fedora-gcc 1.3.1 249.33 NOTE
r-devel-windows-ix86+x86_64 1.3.1 141.00 116.00 257.00 OK
r-patched-linux-x86_64 1.3.1 84.32 101.77 186.09 OK
r-release-linux-x86_64 1.3.1 85.73 103.61 189.34 OK
r-release-windows-ix86+x86_64 1.3.1 89.00 177.00 266.00 OK
r-release-osx-x86_64 1.3.1 NOTE
r-oldrel-windows-ix86+x86_64 1.3.1 83.00 98.00 181.00 OK
r-oldrel-osx-x86_64 1.3.1 NOTE

Check Details

Version: 1.3.1
Check: dependencies in R code
Result: NOTE
    Namespaces in Imports field not imported from:
     ‘Matrix’ ‘arules’ ‘pmml’ ‘rJava’
     All declared Imports should be used.
Flavors: r-devel-linux-x86_64-fedora-clang, r-devel-linux-x86_64-fedora-gcc, r-release-osx-x86_64, r-oldrel-osx-x86_64