CRAN Package Check Results for Package RKEELdata

Last updated on 2020-06-02 22:48:58 CEST.

Flavor Version Tinstall Tcheck Ttotal Status Flags
r-devel-linux-x86_64-debian-clang 1.0.5 2.79 17.79 20.58 OK
r-devel-linux-x86_64-debian-gcc 1.0.5 1.98 14.07 16.05 OK
r-devel-linux-x86_64-fedora-clang 1.0.5 32.61 NOTE
r-devel-linux-x86_64-fedora-gcc 1.0.5 23.76 OK
r-devel-windows-ix86+x86_64 1.0.5 12.00 35.00 47.00 NOTE
r-patched-linux-x86_64 1.0.5 2.58 17.54 20.12 OK
r-release-linux-x86_64 1.0.5 2.43 17.84 20.27 OK
r-release-osx-x86_64 1.0.5 NOTE
r-release-windows-ix86+x86_64 1.0.5 11.00 26.00 37.00 NOTE
r-oldrel-osx-x86_64 1.0.5 NOTE
r-oldrel-windows-ix86+x86_64 1.0.5 11.00 32.00 43.00 NOTE

Check Details

Version: 1.0.5
Check: installed package size
Result: NOTE
     installed size is 10.3Mb
     sub-directories of 1Mb or more:
     datasets 10.2Mb
Flavors: r-devel-linux-x86_64-fedora-clang, r-devel-windows-ix86+x86_64, r-release-osx-x86_64, r-release-windows-ix86+x86_64, r-oldrel-osx-x86_64, r-oldrel-windows-ix86+x86_64