CRAN Package Check Results for Package RKEELdata

Last updated on 2019-11-18 22:47:22 CET.

Flavor Version Tinstall Tcheck Ttotal Status Flags
r-devel-linux-x86_64-debian-clang 1.0.5 2.65 16.53 19.18 OK
r-devel-linux-x86_64-debian-gcc 1.0.5 1.75 13.61 15.36 OK
r-devel-linux-x86_64-fedora-clang 1.0.5 23.21 NOTE
r-devel-linux-x86_64-fedora-gcc 1.0.5 23.38 OK
r-devel-windows-ix86+x86_64 1.0.5 12.00 25.00 37.00 NOTE
r-patched-linux-x86_64 1.0.5 1.66 16.12 17.78 OK
r-release-linux-x86_64 1.0.5 2.17 16.04 18.21 OK
r-release-windows-ix86+x86_64 1.0.5 11.00 32.00 43.00 NOTE
r-release-osx-x86_64 1.0.5 NOTE
r-oldrel-windows-ix86+x86_64 1.0.5 9.00 26.00 35.00 NOTE
r-oldrel-osx-x86_64 1.0.5 NOTE

Check Details

Version: 1.0.5
Check: installed package size
Result: NOTE
     installed size is 10.3Mb
     sub-directories of 1Mb or more:
     datasets 10.2Mb
Flavors: r-devel-linux-x86_64-fedora-clang, r-devel-windows-ix86+x86_64, r-release-windows-ix86+x86_64, r-release-osx-x86_64, r-oldrel-windows-ix86+x86_64, r-oldrel-osx-x86_64