CRAN Package Check Results for Package RKEELdata

Last updated on 2019-08-17 22:46:36 CEST.

Flavor Version Tinstall Tcheck Ttotal Status Flags
r-devel-linux-x86_64-debian-clang 1.0.5 2.24 16.35 18.59 OK
r-devel-linux-x86_64-debian-gcc 1.0.5 1.93 13.42 15.35 OK
r-devel-linux-x86_64-fedora-clang 1.0.5 24.59 NOTE
r-devel-linux-x86_64-fedora-gcc 1.0.5 21.83 OK
r-devel-windows-ix86+x86_64 1.0.5 15.00 35.00 50.00 NOTE
r-patched-linux-x86_64 1.0.5 2.36 16.37 18.73 OK
r-release-linux-x86_64 1.0.5 2.16 16.38 18.54 OK
r-release-windows-ix86+x86_64 1.0.5 11.00 32.00 43.00 NOTE
r-release-osx-x86_64 1.0.5 NOTE
r-oldrel-windows-ix86+x86_64 1.0.5 9.00 26.00 35.00 NOTE
r-oldrel-osx-x86_64 1.0.5 NOTE

Check Details

Version: 1.0.5
Check: installed package size
Result: NOTE
     installed size is 10.3Mb
     sub-directories of 1Mb or more:
     datasets 10.2Mb
Flavors: r-devel-linux-x86_64-fedora-clang, r-devel-windows-ix86+x86_64, r-release-windows-ix86+x86_64, r-release-osx-x86_64, r-oldrel-windows-ix86+x86_64, r-oldrel-osx-x86_64